{"text_format":"1","workbook":"xlsx","n_sheets":9,"sheets":["Title","Blackblot Hootsuite Uploader 1","Blackblot Hootsuite Uploader 2","Blackblot Hootsuite Uploader 3","Blackblot Hootsuite Uploader 4","Blackblot Hootsuite Uploader 5","Blackblot Hootsuite Uploader 6","Settings","Instructions"],"not_rendered":{"charts":0,"images":1,"macros":1,"external_links":0,"defined_names":25,"comments":7,"pivot_tables":0},"unopened":[],"bounds":{"document_bytes":16777216,"sheet_cells":100000,"rows_first":2000,"rows_last":500,"rows_between":2000,"halvings":0,"cell_chars":16384,"cell_head_chars":4096},"cells_cut":0,"cells_raw":0,"read":"whole","date_system":"1900"}

{"sheet":"Title","index":0,"n_rows":34,"n_cols":10,"rows_kept":34,"cut":false,"hidden":false,"merged":[[36,3,36,4],[36,5,36,6],[36,7,36,8],[36,9,36,10],[34,3,34,4],[34,5,34,6],[34,7,34,8],[34,9,34,10],[35,3,35,4],[35,5,35,6],[35,7,35,8],[35,9,35,10],[32,3,32,4],[32,5,32,6],[32,7,32,8],[32,9,32,10],[33,3,33,4],[33,5,33,6],[33,7,33,8],[33,9,33,10],[25,4,25,5],[25,7,25,12],[26,4,26,5],[26,7,26,12],[27,4,27,5],[27,7,27,12],[22,4,22,5],[22,7,22,12],[23,4,23,5],[23,7,23,12],[24,4,24,5],[24,7,24,12],[0,2,0,13],[19,4,19,5],[19,7,19,12],[1,2,1,13],[15,2,15,12],[18,4,18,5],[18,7,18,12]]}
[null,null,"Blackblot®"]
[null,null,"Hootsuite Uploader Matrix"]
[]
[]
[]
[]
[]
[]
[]
[]
[]
[]
[]
[]
[]
[]
[]
[]
[null,null,null,null,"Company Name:",null,null,"<Enter company name>"]
[null,null,null,null,"Product Name:",null,null,"<Enter contact name>"]
[]
[]
[null,null,null,null,"Date:",null,null,"<Enter creation date>"]
[null,null,null,null,"Contact:",null,null,"<Enter contact name>"]
[null,null,null,null,"Department:",null,null,"<Enter department name>"]
[null,null,null,null,"Location:",null,null,"<Enter location>"]
[null,null,null,null,"Email:",null,null,"<Enter email address>"]
[null,null,null,null,"Telephone:",null,null,"<Enter telephone number>"]
[]
[]
[null,null,null,null,"Document Revision History:"]
[]
[null,null,null,"Date",null,"Revision",null,"Revised By",null,"Approved By"]
[null,null,null,"<Enter revision date>",null,"<Revision #>",null,"<Enter your name>",null,"<Enter name>"]

{"sheet":"Blackblot Hootsuite Uploader 1","index":1,"n_rows":107,"n_cols":9,"rows_kept":107,"cut":false,"hidden":false,"merged":[[0,3,2,5]]}
["Start Date:","2015-07-26",null,"Blackblot® Hootsuite Uploader Matrix"]
["Skipday:",2]
["Channel:","Twitter "]
["Date Format:","USA"]
["Check URL",true,null,null,null,null,{"$f":"VLOOKUP(B3,Settings!C8:D11,2)","v":140}]
[]
["Weekday","Date","Hour","#","Message","URL","Text Length","Uploader","Randomizer"]
[{"$f":"+B8","v":"2015-07-26"},{"$f":"+B1","v":"2015-07-26"},"09:00:00",1,"Blackblot Video - What is Product Management? #prodmgmt #prodmktg","http://www.blackblot.com/video/",{"$f":"LEN(TRIM(E8)) + LEN(TRIM(F8))","v":96},{"$f":"CONCATENATE(IF($B$4=\"USA\",CONCATENATE(TEXT(MONTH(B8),\"00\"),\"/\",TEXT(DAY(B8),\"00\"),\"/\",TEXT(YEAR(B8),\"0000\")),CONCATENATE(TEXT(DAY(B8),\"00\"),\"/\",TEXT(MONTH(B8),\"00\"),\"/\",TEXT(YEAR(B8),\"0000\"))),\" \",TEXT(HOUR(C8),\"00\"),\":\",TEXT(MINUTE(C8),\"00\"),\",\"&CHAR(34),TRIM(E8),CHAR(34)&\",\"&CHAR(34),TRIM(F8),CHAR(34))","v":"07/26/2015 09:00,\"Blackblot Video - What is Product Management? #prodmgmt #prodmktg\",\"http://www.blackblot.com/video/\""},{"$f":"RAND()*100","v":95.00012868112826}]
["2015-07-28",{"$f":"+B8+$B$2","v":"2015-07-28"},"23:30:00",2,"Blackblot Training Program Benefits - comprehensive study program #prodmgmt #HR","http://www.blackblot.com/benefits/",113,"07/28/2015 23:30,\"Blackblot Training Program Benefits - comprehensive study program #prodmgmt #HR\",\"http://www.blackblot.com/benefits/\"",18.35402679812227]
["2015-07-30","2015-07-30","01:00:00",3,"Market-Value Pricing Model - Blackblot PMTK (Blackblot Product Manager's Toolkit™) #PMTK #prodmgmt #pricing","http://www.blackblot.com/mvp-model/",142,"07/30/2015 01:00,\"Market-Value Pricing Model - Blackblot PMTK (Blackblot Product Manager's Toolkit™) #PMTK #prodmgmt #pricing\",\"http://www.blackblot.com/mvp-model/\"",61.630833026781971]
["2015-08-01","2015-08-01","13:45:00",4,"What makes Blackblot different?","http://www.blackblot.com/",56,"08/01/2015 13:45,\"What makes Blackblot different?\",\"http://www.blackblot.com/\"",42.523471077358423]
["2015-08-03","2015-08-03","15:00:00",5,"What is considered to be a good ratio of product engineers to product managers? #prodmgmt","http://www.blackblot.com/kb/dev-pm/pm-to-dev-ratio/",140,"08/03/2015 15:00,\"What is considered to be a good ratio of product engineers to product managers? #prodmgmt\",\"http://www.blackblot.com/kb/dev-pm/pm-to-dev-ratio/\"",62.424401640756599]
["2015-08-05","2015-08-05","09:00:00",6,"Blackblot enables product managers to be more productive via unique and unsurpassed offering #prodmgmt #PMTK","http://www.blackblot.com/offering/",142,"08/05/2015 09:00,\"Blackblot enables product managers to be more productive via unique and unsurpassed offering #prodmgmt #PMTK\",\"http://www.blackblot.com/offering/\"",77.381339614230328]
["2015-08-07","2015-08-07","23:30:00",7,"Gauge the level of maturity of the #prodmgmt practice at your company. ","http://www.blackblot.com/pmeval/",102,"08/07/2015 23:30,\"Gauge the level of maturity of the #prodmgmt practice at your company.\",\"http://www.blackblot.com/pmeval/\"",42.758106246267445]
["2015-08-09","2015-08-09","01:00:00",8,"A new tool for HR managers and recruiters: The Blackblot Psychometric Test™ (BPT) #ProductManagement #HR","http://www.blackblot.com/bpt/",133,"08/09/2015 01:00,\"A new tool for HR managers and recruiters: The Blackblot Psychometric Test™ (BPT) #ProductManagement #HR\",\"http://www.blackblot.com/bpt/\"",9.839961516527385]
["2015-08-11","2015-08-11","13:45:00",9,"Check the benefits of Blackblot Private Product Management and Marketing Training","http://www.blackblot.com/private/",114,"08/11/2015 13:45,\"Check the benefits of Blackblot Private Product Management and Marketing Training\",\"http://www.blackblot.com/private/\"",95.283692647531907]
["2015-08-13","2015-08-13","15:00:00",10,"Looking to hire a Product Manager? Check out Blackblot - Alumni group on LinkedIn","http://www.blackblot.com/community/",116,"08/13/2015 15:00,\"Looking to hire a Product Manager? Check out Blackblot - Alumni group on LinkedIn\",\"http://www.blackblot.com/community/\"",42.540402605612073]
["2015-08-15","2015-08-15","09:00:00",11,"Does your company have a uniform terminology and consistent processes for product management?","http://www.blackblot.com/glossary/",127,"08/15/2015 09:00,\"Does your company have a uniform terminology and consistent processes for product management?\",\"http://www.blackblot.com/glossary/\"",52.013082397933317]
["2015-08-17","2015-08-17","23:30:00",12,"What makes Blackblot different?","http://www.blackblot.com/",56,"08/17/2015 23:30,\"What makes Blackblot different?\",\"http://www.blackblot.com/\"",23.25359056430041]
["2015-08-19","2015-08-19","01:00:00",13,"Blackblot's book on #prodmgmt  - The Product Manager's Toolkit™","http://www.blackblot.com/pmtk-book/",97,"08/19/2015 01:00,\"Blackblot's book on #prodmgmt - The Product Manager's Toolkit™\",\"http://www.blackblot.com/pmtk-book/\"",83.56012756890388]
["2015-08-21","2015-08-21","13:45:00",14,"Check this out: resources for Product Managers powered by Blackblot #prodmgmt #prodmktg","http://www.blackblot.com/resources/",122,"08/21/2015 13:45,\"Check this out: resources for Product Managers powered by Blackblot #prodmgmt #prodmktg\",\"http://www.blackblot.com/resources/\"",47.313566462803927]
["2015-08-23","2015-08-23","15:00:00",15,"Master Blackblot Product Management Professional ™ rightfully earned #prodmgmt","http://www.blackblot.com/master-bpmp/",115,"08/23/2015 15:00,\"Master Blackblot Product Management Professional ™ rightfully earned #prodmgmt\",\"http://www.blackblot.com/master-bpmp/\"",2.7416954028023355]
["2015-08-25","2015-08-25","09:00:00",16,"Blackblot Strategic Product Management ™ - occupational core & advanced skills training program for professionals","http://www.blackblot.com/spmr/",143,"08/25/2015 09:00,\"Blackblot Strategic Product Management ™ - occupational core & advanced skills training program for professionals\",\"http://www.blackblot.com/spmr/\"",79.52436419883125]
["2015-08-27","2015-08-27","23:30:00",17,"The Blackblot Strategic Product Leader™ (SPLD) educational program is a an advanced product leadership course. ","http://www.blackblot.com/spld/ ",140,"08/27/2015 23:30,\"The Blackblot Strategic Product Leader™ (SPLD) educational program is a an advanced product leadership course.\",\"http://www.blackblot.com/spld/\"",45.54278636234568]
["2015-08-29","2015-08-29","01:00:00",18,"Blackblot content retention tools for product managers","http://www.blackblot.com/retention/",89,"08/29/2015 01:00,\"Blackblot content retention tools for product managers\",\"http://www.blackblot.com/retention/\"",81.902290532515082]
["2015-08-31","2015-08-31","13:45:00",19,"The Blackblot Personal Career Package™ is a professional advisory service #prodmgmt #prodmktg","http://www.blackblot.com/bcp/",122,"08/31/2015 13:45,\"The Blackblot Personal Career Package™ is a professional advisory service #prodmgmt #prodmktg\",\"http://www.blackblot.com/bcp/\"",69.345399022192282]
["2015-09-02","2015-09-02","15:00:00",20,"Career support is an integral part of an employee's well-being and will translate to better job performance","http://www.blackblot.com/career/",139,"09/02/2015 15:00,\"Career support is an integral part of an employee's well-being and will translate to better job performance\",\"http://www.blackblot.com/career/\"",98.745321679340435]
["2015-09-04","2015-09-04","09:00:00",21,"Are you a technology professional considering a role in product management?","http://www.blackblot.com/tpm/",104,"09/04/2015 09:00,\"Are you a technology professional considering a role in product management?\",\"http://www.blackblot.com/tpm/\"",58.422183360772486]
["2015-09-06","2015-09-06","23:30:00",22,"The Powered by Blackblot™ KB is a dynamic repository of #prodmgmt  knowledge based on PMTK methodology","http://www.blackblot.com/kb/",129,"09/06/2015 23:30,\"The Powered by Blackblot™ KB is a dynamic repository of #prodmgmt knowledge based on PMTK methodology\",\"http://www.blackblot.com/kb/\"",7.1297400860098614]
["2015-09-08","2015-09-08","01:00:00",23,"Blackblot - the practical path to excellence in #prodmgmt & #prodmktg wherever you start from.","http://www.blackblot.com/",119,"09/08/2015 01:00,\"Blackblot - the practical path to excellence in #prodmgmt & #prodmktg wherever you start from.\",\"http://www.blackblot.com/\"",42.878197869066547]
["2015-09-10","2015-09-10","13:45:00",24,"The KB provides product managers with categorized product management information via online searchable platform","http://www.blackblot.com/kb/",139,"09/10/2015 13:45,\"The KB provides product managers with categorized product management information via online searchable platform\",\"http://www.blackblot.com/kb/\"",65.1543560786277]
["2015-09-12","2015-09-12","15:00:00",25,"Blackblot Product Management Certification Program Benefits #prodmgmt #prodmktg","http://www.blackblot.com/cert-benefits/",118,"09/12/2015 15:00,\"Blackblot Product Management Certification Program Benefits #prodmgmt #prodmktg\",\"http://www.blackblot.com/cert-benefits/\"",99.006200035211606]
["2015-09-14","2015-09-14","09:00:00",26,null,null,{"$f":"LEN(TRIM(E33)) + LEN(TRIM(F33))","v":0},{"$f":"CONCATENATE(IF($B$4=\"USA\",CONCATENATE(TEXT(MONTH(B33),\"00\"),\"/\",TEXT(DAY(B33),\"00\"),\"/\",TEXT(YEAR(B33),\"0000\")),CONCATENATE(TEXT(DAY(B33),\"00\"),\"/\",TEXT(MONTH(B33),\"00\"),\"/\",TEXT(YEAR(B33),\"0000\"))),\" \",TEXT(HOUR(C33),\"00\"),\":\",TEXT(MINUTE(C33),\"00\"),\",\"&CHAR(34),TRIM(E33),CHAR(34)&\",\"&CHAR(34),TRIM(F33),CHAR(34))","v":"09/14/2015 09:00,\"\",\"\""},{"$f":"RAND()*100","v":41.056635072103852}]
["2015-09-16","2015-09-16","23:30:00",27,null,null,0,"09/16/2015 23:30,\"\",\"\"",19.577559353809072]
["2015-09-18","2015-09-18","01:00:00",28,null,null,0,"09/18/2015 01:00,\"\",\"\"",4.5966254455577999]
["2015-09-20","2015-09-20","13:45:00",29,null,null,0,"09/20/2015 13:45,\"\",\"\"",42.260654979578106]
["2015-09-22","2015-09-22","15:00:00",30,null,null,0,"09/22/2015 15:00,\"\",\"\"",42.728808144708218]
["2015-09-24","2015-09-24","09:00:00",31,null,null,0,"09/24/2015 09:00,\"\",\"\"",38.967174129530491]
["2015-09-26","2015-09-26","23:30:00",32,null,null,0,"09/26/2015 23:30,\"\",\"\"",25.504012486531526]
["2015-09-28","2015-09-28","01:00:00",33,null,null,0,"09/28/2015 01:00,\"\",\"\"",80.750386910762998]
["2015-09-30","2015-09-30","13:45:00",34,null,null,0,"09/30/2015 13:45,\"\",\"\"",52.880548790722592]
["2015-10-02","2015-10-02","15:00:00",35,null,null,0,"10/02/2015 15:00,\"\",\"\"",16.704215188944016]
["2015-10-04","2015-10-04","09:00:00",36,null,null,0,"10/04/2015 09:00,\"\",\"\"",39.69466918946538]
["2015-10-06","2015-10-06","23:30:00",37,null,null,0,"10/06/2015 23:30,\"\",\"\"",12.338207517829659]
["2015-10-08","2015-10-08","01:00:00",38,null,null,0,"10/08/2015 01:00,\"\",\"\"",8.6080875113929363]
["2015-10-10","2015-10-10","13:45:00",39,null,null,0,"10/10/2015 13:45,\"\",\"\"",90.122249995175679]
["2015-10-12","2015-10-12","15:00:00",40,null,null,0,"10/12/2015 15:00,\"\",\"\"",83.806745827195911]
["2015-10-14","2015-10-14","09:00:00",41,null,null,0,"10/14/2015 09:00,\"\",\"\"",53.951423372381569]
["2015-10-16","2015-10-16","23:30:00",42,null,null,0,"10/16/2015 23:30,\"\",\"\"",36.928786532531333]
["2015-10-18","2015-10-18","01:00:00",43,null,null,0,"10/18/2015 01:00,\"\",\"\"",91.487569689933707]
["2015-10-20","2015-10-20","13:45:00",44,null,null,0,"10/20/2015 13:45,\"\",\"\"",67.572479742696302]
["2015-10-22","2015-10-22","15:00:00",45,null,null,0,"10/22/2015 15:00,\"\",\"\"",55.3571379427894]
["2015-10-24","2015-10-24","09:00:00",46,null,null,0,"10/24/2015 09:00,\"\",\"\"",12.558963360818009]
["2015-10-26","2015-10-26","23:30:00",47,null,null,0,"10/26/2015 23:30,\"\",\"\"",62.370872473073845]
["2015-10-28","2015-10-28","01:00:00",48,null,null,0,"10/28/2015 01:00,\"\",\"\"",28.448813973318043]
["2015-10-30","2015-10-30","13:45:00",49,null,null,0,"10/30/2015 13:45,\"\",\"\"",25.256669729570291]
["2015-11-01","2015-11-01","15:00:00",50,null,null,0,"11/01/2015 15:00,\"\",\"\"",74.554679882603509]
["2015-11-03","2015-11-03","09:00:00",51,null,null,0,"11/03/2015 09:00,\"\",\"\"",38.086185999625179]
["2015-11-05","2015-11-05","23:30:00",52,null,null,0,"11/05/2015 23:30,\"\",\"\"",97.142541516865762]
["2015-11-07","2015-11-07","01:00:00",53,null,null,0,"11/07/2015 01:00,\"\",\"\"",93.030669319350778]
["2015-11-09","2015-11-09","13:45:00",54,null,null,0,"11/09/2015 13:45,\"\",\"\"",60.356072294759123]
["2015-11-11","2015-11-11","15:00:00",55,null,null,0,"11/11/2015 15:00,\"\",\"\"",31.68770832433384]
["2015-11-13","2015-11-13","09:00:00",56,null,null,0,"11/13/2015 09:00,\"\",\"\"",89.645459182775795]
["2015-11-15","2015-11-15","23:30:00",57,null,null,0,"11/15/2015 23:30,\"\",\"\"",76.607837327679349]
["2015-11-17","2015-11-17","01:00:00",58,null,null,0,"11/17/2015 01:00,\"\",\"\"",48.147628360037146]
["2015-11-19","2015-11-19","13:45:00",59,null,null,0,"11/19/2015 13:45,\"\",\"\"",97.11367978750593]
["2015-11-21","2015-11-21","15:00:00",60,null,null,0,"11/21/2015 15:00,\"\",\"\"",75.499094909836955]
["2015-11-23","2015-11-23","09:00:00",61,null,null,0,"11/23/2015 09:00,\"\",\"\"",16.885961858673593]
["2015-11-25","2015-11-25","23:30:00",62,null,null,0,"11/25/2015 23:30,\"\",\"\"",79.779563962151713]
["2015-11-27","2015-11-27","01:00:00",63,null,null,0,"11/27/2015 01:00,\"\",\"\"",90.370090894237038]
["2015-11-29","2015-11-29","13:45:00",64,null,null,0,"11/29/2015 13:45,\"\",\"\"",90.049202267285992]
[{"$f":"+B72","v":"2015-12-01"},"2015-12-01","15:00:00",65,null,null,{"$f":"LEN(TRIM(E72)) + LEN(TRIM(F72))","v":0},{"$f":"CONCATENATE(IF($B$4=\"USA\",CONCATENATE(TEXT(MONTH(B72),\"00\"),\"/\",TEXT(DAY(B72),\"00\"),\"/\",TEXT(YEAR(B72),\"0000\")),CONCATENATE(TEXT(DAY(B72),\"00\"),\"/\",TEXT(MONTH(B72),\"00\"),\"/\",TEXT(YEAR(B72),\"0000\"))),\" \",TEXT(HOUR(C72),\"00\"),\":\",TEXT(MINUTE(C72),\"00\"),\",\"&CHAR(34),TRIM(E72),CHAR(34)&\",\"&CHAR(34),TRIM(F72),CHAR(34))","v":"12/01/2015 15:00,\"\",\"\""},{"$f":"RAND()*100","v":68.903383407327041}]
["2015-12-03",{"$f":"+B72+$B$2","v":"2015-12-03"},"09:00:00",66,null,null,0,"12/03/2015 09:00,\"\",\"\"",74.588633337153539]
["2015-12-05","2015-12-05","23:30:00",67,null,null,0,"12/05/2015 23:30,\"\",\"\"",1.7584120370954692]
["2015-12-07","2015-12-07","01:00:00",68,null,null,0,"12/07/2015 01:00,\"\",\"\"",43.416033833492882]
["2015-12-09","2015-12-09","13:45:00",69,null,null,0,"12/09/2015 13:45,\"\",\"\"",59.612447320060411]
["2015-12-11","2015-12-11","15:00:00",70,null,null,0,"12/11/2015 15:00,\"\",\"\"",96.835524234677081]
["2015-12-13","2015-12-13","09:00:00",71,null,null,0,"12/13/2015 09:00,\"\",\"\"",37.838389637030225]
["2015-12-15","2015-12-15","23:30:00",72,null,null,0,"12/15/2015 23:30,\"\",\"\"",85.517228199238332]
["2015-12-17","2015-12-17","01:00:00",73,null,null,0,"12/17/2015 01:00,\"\",\"\"",98.377545264832307]
["2015-12-19","2015-12-19","13:45:00",74,null,null,0,"12/19/2015 13:45,\"\",\"\"",30.119363734999961]
["2015-12-21","2015-12-21","15:00:00",75,null,null,0,"12/21/2015 15:00,\"\",\"\"",45.836860163691284]
["2015-12-23","2015-12-23","09:00:00",76,null,null,0,"12/23/2015 09:00,\"\",\"\"",16.654712942864659]
["2015-12-25","2015-12-25","23:30:00",77,null,null,0,"12/25/2015 23:30,\"\",\"\"",57.903930924075752]
["2015-12-27","2015-12-27","01:00:00",78,null,null,0,"12/27/2015 01:00,\"\",\"\"",96.41266973696662]
["2015-12-29","2015-12-29","13:45:00",79,null,null,0,"12/29/2015 13:45,\"\",\"\"",65.32808908114464]
["2015-12-31","2015-12-31","15:00:00",80,null,null,0,"12/31/2015 15:00,\"\",\"\"",43.872043267411485]
["2016-01-02","2016-01-02","09:00:00",81,null,null,0,"01/02/2016 09:00,\"\",\"\"",80.522980586883563]
["2016-01-04","2016-01-04","23:30:00",82,null,null,0,"01/04/2016 23:30,\"\",\"\"",75.21518230012444]
["2016-01-06","2016-01-06","01:00:00",83,null,null,0,"01/06/2016 01:00,\"\",\"\"",73.53106670890655]
["2016-01-08","2016-01-08","13:45:00",84,null,null,0,"01/08/2016 13:45,\"\",\"\"",96.323529519844371]
["2016-01-10","2016-01-10","15:00:00",85,null,null,0,"01/10/2016 15:00,\"\",\"\"",36.511054888563777]
["2016-01-12","2016-01-12","09:00:00",86,null,null,0,"01/12/2016 09:00,\"\",\"\"",52.522093889368428]
["2016-01-14","2016-01-14","23:30:00",87,null,null,0,"01/14/2016 23:30,\"\",\"\"",94.489939431762622]
["2016-01-16","2016-01-16","01:00:00",88,null,null,0,"01/16/2016 01:00,\"\",\"\"",49.995905303802083]
["2016-01-18","2016-01-18","13:45:00",89,null,null,0,"01/18/2016 13:45,\"\",\"\"",18.752513194671629]
["2016-01-20","2016-01-20","15:00:00",90,null,null,0,"01/20/2016 15:00,\"\",\"\"",21.870993972135523]
["2016-01-22","2016-01-22","09:00:00",91,null,null,0,"01/22/2016 09:00,\"\",\"\"",42.260275378597235]
["2016-01-24","2016-01-24","23:30:00",92,null,null,0,"01/24/2016 23:30,\"\",\"\"",52.016802849388647]
["2016-01-26","2016-01-26","01:00:00",93,null,null,0,"01/26/2016 01:00,\"\",\"\"",87.340464558414837]
["2016-01-28","2016-01-28","13:45:00",94,null,null,0,"01/28/2016 13:45,\"\",\"\"",28.31224961021308]
["2016-01-30","2016-01-30","15:00:00",95,null,null,0,"01/30/2016 15:00,\"\",\"\"",0.84956956674617778]
["2016-02-01","2016-02-01","09:00:00",96,null,null,0,"02/01/2016 09:00,\"\",\"\"",99.592307725833066]
["2016-02-03","2016-02-03","23:30:00",97,null,null,0,"02/03/2016 23:30,\"\",\"\"",33.201059383007326]
["2016-02-05","2016-02-05","01:00:00",98,null,null,0,"02/05/2016 01:00,\"\",\"\"",78.71588594678947]
["2016-02-07","2016-02-07","13:45:00",99,null,null,0,"02/07/2016 13:45,\"\",\"\"",2.6896959779591612]
["2016-02-09","2016-02-09","15:00:00",100,null,null,0,"02/09/2016 15:00,\"\",\"\"",46.883246074934782]

{"sheet":"Blackblot Hootsuite Uploader 2","index":2,"n_rows":107,"n_cols":9,"rows_kept":107,"cut":false,"hidden":false,"merged":[[0,3,2,5]]}
["Start Date:","2015-07-26",null,"Blackblot® Hootsuite Uploader Matrix"]
["Skipday:",2]
["Channel:","Twitter "]
["Date Format:","USA"]
["Check URL",true,null,null,null,null,{"$f":"VLOOKUP(B3,Settings!C8:D11,2)","v":140}]
[]
["Weekday","Date","Hour","#","Message","URL","Text Length","Uploader","Randomizer"]
[{"$f":"+B8","v":"2015-07-26"},{"$f":"+B1","v":"2015-07-26"},"09:00:00",1,"Blackblot's book on #prodmgmt  - The Product Manager's Toolkit™","http://www.blackblot.com/pmtk-book/",{"$f":"LEN(TRIM(E8)) + LEN(TRIM(F8))","v":97},{"$f":"CONCATENATE(IF($B$4=\"USA\",CONCATENATE(TEXT(MONTH(B8),\"00\"),\"/\",TEXT(DAY(B8),\"00\"),\"/\",TEXT(YEAR(B8),\"0000\")),CONCATENATE(TEXT(DAY(B8),\"00\"),\"/\",TEXT(MONTH(B8),\"00\"),\"/\",TEXT(YEAR(B8),\"0000\"))),\" \",TEXT(HOUR(C8),\"00\"),\":\",TEXT(MINUTE(C8),\"00\"),\",\"&CHAR(34),TRIM(E8),CHAR(34)&\",\"&CHAR(34),TRIM(F8),CHAR(34))","v":"07/26/2015 09:00,\"Blackblot's book on #prodmgmt - The Product Manager's Toolkit™\",\"http://www.blackblot.com/pmtk-book/\""},{"$f":"RAND()*100","v":37.214182923550823}]
["2015-07-28",{"$f":"+B8+$B$2","v":"2015-07-28"},"23:30:00",2,"The Blackblot Personal Career Package™ is a professional advisory service #prodmgmt #prodmktg","http://www.blackblot.com/bcp/",122,"07/28/2015 23:30,\"The Blackblot Personal Career Package™ is a professional advisory service #prodmgmt #prodmktg\",\"http://www.blackblot.com/bcp/\"",97.289564055477513]
["2015-07-30","2015-07-30","01:00:00",3,"Blackblot content retention tools for product managers","http://www.blackblot.com/retention/",89,"07/30/2015 01:00,\"Blackblot content retention tools for product managers\",\"http://www.blackblot.com/retention/\"",71.2535706536883]
["2015-08-01","2015-08-01","13:45:00",4,"The Powered by Blackblot™ KB is a dynamic repository of #prodmgmt  knowledge based on PMTK methodology","http://www.blackblot.com/kb/",129,"08/01/2015 13:45,\"The Powered by Blackblot™ KB is a dynamic repository of #prodmgmt knowledge based on PMTK methodology\",\"http://www.blackblot.com/kb/\"",89.373399497785996]
["2015-08-03","2015-08-03","15:00:00",5,"What makes Blackblot different?","http://www.blackblot.com/",56,"08/03/2015 15:00,\"What makes Blackblot different?\",\"http://www.blackblot.com/\"",82.609607537447133]
["2015-08-05","2015-08-05","09:00:00",6,"Are you a technology professional considering a role in product management?","http://www.blackblot.com/tpm/",104,"08/05/2015 09:00,\"Are you a technology professional considering a role in product management?\",\"http://www.blackblot.com/tpm/\"",71.081438729354161]
["2015-08-07","2015-08-07","23:30:00",7,"The KB provides product managers with categorized product management information via online searchable platform","http://www.blackblot.com/kb/",139,"08/07/2015 23:30,\"The KB provides product managers with categorized product management information via online searchable platform\",\"http://www.blackblot.com/kb/\"",12.711246620622941]
["2015-08-09","2015-08-09","01:00:00",8,"Check the benefits of Blackblot Private Product Management and Marketing Training","http://www.blackblot.com/private/",114,"08/09/2015 01:00,\"Check the benefits of Blackblot Private Product Management and Marketing Training\",\"http://www.blackblot.com/private/\"",28.469528934722554]
["2015-08-11","2015-08-11","13:45:00",9,"Market-Value Pricing Model - Blackblot PMTK (Blackblot Product Manager's Toolkit™) #PMTK #prodmgmt #pricing","http://www.blackblot.com/mvp-model/",142,"08/11/2015 13:45,\"Market-Value Pricing Model - Blackblot PMTK (Blackblot Product Manager's Toolkit™) #PMTK #prodmgmt #pricing\",\"http://www.blackblot.com/mvp-model/\"",96.168334038993578]
["2015-08-13","2015-08-13","15:00:00",10,"What is considered to be a good ratio of product engineers to product managers? #prodmgmt","http://www.blackblot.com/kb/dev-pm/pm-to-dev-ratio/",140,"08/13/2015 15:00,\"What is considered to be a good ratio of product engineers to product managers? #prodmgmt\",\"http://www.blackblot.com/kb/dev-pm/pm-to-dev-ratio/\"",37.253471101313032]
["2015-08-15","2015-08-15","09:00:00",11,"The Blackblot Strategic Product Leader™ (SPLD) educational program is a an advanced product leadership course. ","http://www.blackblot.com/spld/ ",140,"08/15/2015 09:00,\"The Blackblot Strategic Product Leader™ (SPLD) educational program is a an advanced product leadership course.\",\"http://www.blackblot.com/spld/\"",5.6932824525716246]
["2015-08-17","2015-08-17","23:30:00",12,"Does your company have a uniform terminology and consistent processes for product management?","http://www.blackblot.com/glossary/",127,"08/17/2015 23:30,\"Does your company have a uniform terminology and consistent processes for product management?\",\"http://www.blackblot.com/glossary/\"",9.6043771490602392]
["2015-08-19","2015-08-19","01:00:00",13,"Blackblot enables product managers to be more productive via unique and unsurpassed offering #prodmgmt #PMTK","http://www.blackblot.com/offering/",142,"08/19/2015 01:00,\"Blackblot enables product managers to be more productive via unique and unsurpassed offering #prodmgmt #PMTK\",\"http://www.blackblot.com/offering/\"",55.799603415303679]
["2015-08-21","2015-08-21","13:45:00",14,"Blackblot Training Program Benefits - comprehensive study program #prodmgmt #HR","http://www.blackblot.com/benefits/",113,"08/21/2015 13:45,\"Blackblot Training Program Benefits - comprehensive study program #prodmgmt #HR\",\"http://www.blackblot.com/benefits/\"",55.479688635267401]
["2015-08-23","2015-08-23","15:00:00",15,"Blackblot Video - What is Product Management? #prodmgmt #prodmktg","http://www.blackblot.com/video/",96,"08/23/2015 15:00,\"Blackblot Video - What is Product Management? #prodmgmt #prodmktg\",\"http://www.blackblot.com/video/\"",73.210572156170684]
["2015-08-25","2015-08-25","09:00:00",16,"Career support is an integral part of an employee's well-being and will translate to better job performance","http://www.blackblot.com/career/",139,"08/25/2015 09:00,\"Career support is an integral part of an employee's well-being and will translate to better job performance\",\"http://www.blackblot.com/career/\"",39.112714123286182]
["2015-08-27","2015-08-27","23:30:00",17,"Looking to hire a Product Manager? Check out Blackblot - Alumni group on LinkedIn","http://www.blackblot.com/community/",116,"08/27/2015 23:30,\"Looking to hire a Product Manager? Check out Blackblot - Alumni group on LinkedIn\",\"http://www.blackblot.com/community/\"",61.898917985356107]
["2015-08-29","2015-08-29","01:00:00",18,"What makes Blackblot different?","http://www.blackblot.com/",56,"08/29/2015 01:00,\"What makes Blackblot different?\",\"http://www.blackblot.com/\"",59.057729983330397]
["2015-08-31","2015-08-31","13:45:00",19,"A new tool for HR managers and recruiters: The Blackblot Psychometric Test™ (BPT) #ProductManagement #HR","http://www.blackblot.com/bpt/",133,"08/31/2015 13:45,\"A new tool for HR managers and recruiters: The Blackblot Psychometric Test™ (BPT) #ProductManagement #HR\",\"http://www.blackblot.com/bpt/\"",74.985343595177909]
["2015-09-02","2015-09-02","15:00:00",20,"Gauge the level of maturity of the #prodmgmt practice at your company. ","http://www.blackblot.com/pmeval/",102,"09/02/2015 15:00,\"Gauge the level of maturity of the #prodmgmt practice at your company.\",\"http://www.blackblot.com/pmeval/\"",45.946751194471823]
["2015-09-04","2015-09-04","09:00:00",21,"Blackblot Strategic Product Management ™ - occupational core & advanced skills training program for professionals","http://www.blackblot.com/spmr/",143,"09/04/2015 09:00,\"Blackblot Strategic Product Management ™ - occupational core & advanced skills training program for professionals\",\"http://www.blackblot.com/spmr/\"",14.828604239123667]
["2015-09-06","2015-09-06","23:30:00",22,"Master Blackblot Product Management Professional ™ rightfully earned #prodmgmt","http://www.blackblot.com/master-bpmp/",115,"09/06/2015 23:30,\"Master Blackblot Product Management Professional ™ rightfully earned #prodmgmt\",\"http://www.blackblot.com/master-bpmp/\"",69.567132148884838]
["2015-09-08","2015-09-08","01:00:00",23,"Blackblot Product Management Certification Program Benefits #prodmgmt #prodmktg","http://www.blackblot.com/cert-benefits/",118,"09/08/2015 01:00,\"Blackblot Product Management Certification Program Benefits #prodmgmt #prodmktg\",\"http://www.blackblot.com/cert-benefits/\"",1.6797233291389491]
["2015-09-10","2015-09-10","13:45:00",24,"Blackblot - the practical path to excellence in #prodmgmt & #prodmktg wherever you start from.","http://www.blackblot.com/",119,"09/10/2015 13:45,\"Blackblot - the practical path to excellence in #prodmgmt & #prodmktg wherever you start from.\",\"http://www.blackblot.com/\"",51.894069155269605]
["2015-09-12","2015-09-12","15:00:00",25,"Check this out: resources for Product Managers powered by Blackblot #prodmgmt #prodmktg","http://www.blackblot.com/resources/",122,"09/12/2015 15:00,\"Check this out: resources for Product Managers powered by Blackblot #prodmgmt #prodmktg\",\"http://www.blackblot.com/resources/\"",97.748664623577696]
["2015-09-14","2015-09-14","09:00:00",26,null,null,{"$f":"LEN(TRIM(E33)) + LEN(TRIM(F33))","v":0},{"$f":"CONCATENATE(IF($B$4=\"USA\",CONCATENATE(TEXT(MONTH(B33),\"00\"),\"/\",TEXT(DAY(B33),\"00\"),\"/\",TEXT(YEAR(B33),\"0000\")),CONCATENATE(TEXT(DAY(B33),\"00\"),\"/\",TEXT(MONTH(B33),\"00\"),\"/\",TEXT(YEAR(B33),\"0000\"))),\" \",TEXT(HOUR(C33),\"00\"),\":\",TEXT(MINUTE(C33),\"00\"),\",\"&CHAR(34),TRIM(E33),CHAR(34)&\",\"&CHAR(34),TRIM(F33),CHAR(34))","v":"09/14/2015 09:00,\"\",\"\""},{"$f":"RAND()*100","v":58.496017386512356}]
["2015-09-16","2015-09-16","23:30:00",27,null,null,0,"09/16/2015 23:30,\"\",\"\"",22.634380144456511]
["2015-09-18","2015-09-18","01:00:00",28,null,null,0,"09/18/2015 01:00,\"\",\"\"",38.232266164145869]
["2015-09-20","2015-09-20","13:45:00",29,null,null,0,"09/20/2015 13:45,\"\",\"\"",22.732510565784747]
["2015-09-22","2015-09-22","15:00:00",30,null,null,0,"09/22/2015 15:00,\"\",\"\"",82.389360188396992]
["2015-09-24","2015-09-24","09:00:00",31,null,null,0,"09/24/2015 09:00,\"\",\"\"",41.63111189432086]
["2015-09-26","2015-09-26","23:30:00",32,null,null,0,"09/26/2015 23:30,\"\",\"\"",59.027355345426201]
["2015-09-28","2015-09-28","01:00:00",33,null,null,0,"09/28/2015 01:00,\"\",\"\"",52.042471702479496]
["2015-09-30","2015-09-30","13:45:00",34,null,null,0,"09/30/2015 13:45,\"\",\"\"",29.248678855228626]
["2015-10-02","2015-10-02","15:00:00",35,null,null,0,"10/02/2015 15:00,\"\",\"\"",54.650107235863366]
["2015-10-04","2015-10-04","09:00:00",36,null,null,0,"10/04/2015 09:00,\"\",\"\"",76.930937996321546]
["2015-10-06","2015-10-06","23:30:00",37,null,null,0,"10/06/2015 23:30,\"\",\"\"",8.8602770376440922]
["2015-10-08","2015-10-08","01:00:00",38,null,null,0,"10/08/2015 01:00,\"\",\"\"",61.589169718363948]
["2015-10-10","2015-10-10","13:45:00",39,null,null,0,"10/10/2015 13:45,\"\",\"\"",95.53351707270339]
["2015-10-12","2015-10-12","15:00:00",40,null,null,0,"10/12/2015 15:00,\"\",\"\"",80.656706815799822]
["2015-10-14","2015-10-14","09:00:00",41,null,null,0,"10/14/2015 09:00,\"\",\"\"",89.416393031568234]
["2015-10-16","2015-10-16","23:30:00",42,null,null,0,"10/16/2015 23:30,\"\",\"\"",54.008702050410918]
["2015-10-18","2015-10-18","01:00:00",43,null,null,0,"10/18/2015 01:00,\"\",\"\"",31.586903548914414]
["2015-10-20","2015-10-20","13:45:00",44,null,null,0,"10/20/2015 13:45,\"\",\"\"",95.288040987459269]
["2015-10-22","2015-10-22","15:00:00",45,null,null,0,"10/22/2015 15:00,\"\",\"\"",89.040949357886376]
["2015-10-24","2015-10-24","09:00:00",46,null,null,0,"10/24/2015 09:00,\"\",\"\"",96.580372513502283]
["2015-10-26","2015-10-26","23:30:00",47,null,null,0,"10/26/2015 23:30,\"\",\"\"",32.966175412943535]
["2015-10-28","2015-10-28","01:00:00",48,null,null,0,"10/28/2015 01:00,\"\",\"\"",38.328562906718147]
["2015-10-30","2015-10-30","13:45:00",49,null,null,0,"10/30/2015 13:45,\"\",\"\"",98.395862150857099]
["2015-11-01","2015-11-01","15:00:00",50,null,null,0,"11/01/2015 15:00,\"\",\"\"",30.539552092291689]
["2015-11-03","2015-11-03","09:00:00",51,null,null,0,"11/03/2015 09:00,\"\",\"\"",90.878556753524563]
["2015-11-05","2015-11-05","23:30:00",52,null,null,0,"11/05/2015 23:30,\"\",\"\"",55.241709483700177]
["2015-11-07","2015-11-07","01:00:00",53,null,null,0,"11/07/2015 01:00,\"\",\"\"",1.1011742764283294]
["2015-11-09","2015-11-09","13:45:00",54,null,null,0,"11/09/2015 13:45,\"\",\"\"",4.0756232766352092]
["2015-11-11","2015-11-11","15:00:00",55,null,null,0,"11/11/2015 15:00,\"\",\"\"",42.741097524716686]
["2015-11-13","2015-11-13","09:00:00",56,null,null,0,"11/13/2015 09:00,\"\",\"\"",69.842439756402271]
["2015-11-15","2015-11-15","23:30:00",57,null,null,0,"11/15/2015 23:30,\"\",\"\"",0.92277538688171346]
["2015-11-17","2015-11-17","01:00:00",58,null,null,0,"11/17/2015 01:00,\"\",\"\"",65.507445767066201]
["2015-11-19","2015-11-19","13:45:00",59,null,null,0,"11/19/2015 13:45,\"\",\"\"",62.258928778649015]
["2015-11-21","2015-11-21","15:00:00",60,null,null,0,"11/21/2015 15:00,\"\",\"\"",10.343628372790437]
["2015-11-23","2015-11-23","09:00:00",61,null,null,0,"11/23/2015 09:00,\"\",\"\"",16.499265636580375]
["2015-11-25","2015-11-25","23:30:00",62,null,null,0,"11/25/2015 23:30,\"\",\"\"",71.535669753251554]
["2015-11-27","2015-11-27","01:00:00",63,null,null,0,"11/27/2015 01:00,\"\",\"\"",89.307637514280103]
["2015-11-29","2015-11-29","13:45:00",64,null,null,0,"11/29/2015 13:45,\"\",\"\"",21.011218905440408]
[{"$f":"+B72","v":"2015-12-01"},"2015-12-01","15:00:00",65,null,null,{"$f":"LEN(TRIM(E72)) + LEN(TRIM(F72))","v":0},{"$f":"CONCATENATE(IF($B$4=\"USA\",CONCATENATE(TEXT(MONTH(B72),\"00\"),\"/\",TEXT(DAY(B72),\"00\"),\"/\",TEXT(YEAR(B72),\"0000\")),CONCATENATE(TEXT(DAY(B72),\"00\"),\"/\",TEXT(MONTH(B72),\"00\"),\"/\",TEXT(YEAR(B72),\"0000\"))),\" \",TEXT(HOUR(C72),\"00\"),\":\",TEXT(MINUTE(C72),\"00\"),\",\"&CHAR(34),TRIM(E72),CHAR(34)&\",\"&CHAR(34),TRIM(F72),CHAR(34))","v":"12/01/2015 15:00,\"\",\"\""},{"$f":"RAND()*100","v":94.159297018896396}]
["2015-12-03",{"$f":"+B72+$B$2","v":"2015-12-03"},"09:00:00",66,null,null,0,"12/03/2015 09:00,\"\",\"\"",65.885005976145564]
["2015-12-05","2015-12-05","23:30:00",67,null,null,0,"12/05/2015 23:30,\"\",\"\"",54.612616406238558]
["2015-12-07","2015-12-07","01:00:00",68,null,null,0,"12/07/2015 01:00,\"\",\"\"",81.51011081162531]
["2015-12-09","2015-12-09","13:45:00",69,null,null,0,"12/09/2015 13:45,\"\",\"\"",16.351143800211243]
["2015-12-11","2015-12-11","15:00:00",70,null,null,0,"12/11/2015 15:00,\"\",\"\"",28.08908658850191]
["2015-12-13","2015-12-13","09:00:00",71,null,null,0,"12/13/2015 09:00,\"\",\"\"",6.5881596461975889]
["2015-12-15","2015-12-15","23:30:00",72,null,null,0,"12/15/2015 23:30,\"\",\"\"",52.461929840809283]
["2015-12-17","2015-12-17","01:00:00",73,null,null,0,"12/17/2015 01:00,\"\",\"\"",51.481444588212511]
["2015-12-19","2015-12-19","13:45:00",74,null,null,0,"12/19/2015 13:45,\"\",\"\"",31.492164979179471]
["2015-12-21","2015-12-21","15:00:00",75,null,null,0,"12/21/2015 15:00,\"\",\"\"",87.54587016626823]
["2015-12-23","2015-12-23","09:00:00",76,null,null,0,"12/23/2015 09:00,\"\",\"\"",4.7312502666806751]
["2015-12-25","2015-12-25","23:30:00",77,null,null,0,"12/25/2015 23:30,\"\",\"\"",83.429482598533639]
["2015-12-27","2015-12-27","01:00:00",78,null,null,0,"12/27/2015 01:00,\"\",\"\"",48.522959502397569]
["2015-12-29","2015-12-29","13:45:00",79,null,null,0,"12/29/2015 13:45,\"\",\"\"",4.2497988855855766]
["2015-12-31","2015-12-31","15:00:00",80,null,null,0,"12/31/2015 15:00,\"\",\"\"",63.022931887994403]
["2016-01-02","2016-01-02","09:00:00",81,null,null,0,"01/02/2016 09:00,\"\",\"\"",60.735914744038389]
["2016-01-04","2016-01-04","23:30:00",82,null,null,0,"01/04/2016 23:30,\"\",\"\"",41.063074890517285]
["2016-01-06","2016-01-06","01:00:00",83,null,null,0,"01/06/2016 01:00,\"\",\"\"",77.065028213377346]
["2016-01-08","2016-01-08","13:45:00",84,null,null,0,"01/08/2016 13:45,\"\",\"\"",10.280250932504941]
["2016-01-10","2016-01-10","15:00:00",85,null,null,0,"01/10/2016 15:00,\"\",\"\"",12.277065654953645]
["2016-01-12","2016-01-12","09:00:00",86,null,null,0,"01/12/2016 09:00,\"\",\"\"",27.534680478161576]
["2016-01-14","2016-01-14","23:30:00",87,null,null,0,"01/14/2016 23:30,\"\",\"\"",10.015079954927597]
["2016-01-16","2016-01-16","01:00:00",88,null,null,0,"01/16/2016 01:00,\"\",\"\"",3.8627205519099705]
["2016-01-18","2016-01-18","13:45:00",89,null,null,0,"01/18/2016 13:45,\"\",\"\"",5.2770278951088319]
["2016-01-20","2016-01-20","15:00:00",90,null,null,0,"01/20/2016 15:00,\"\",\"\"",67.182202397048457]
["2016-01-22","2016-01-22","09:00:00",91,null,null,0,"01/22/2016 09:00,\"\",\"\"",79.037689456433029]
["2016-01-24","2016-01-24","23:30:00",92,null,null,0,"01/24/2016 23:30,\"\",\"\"",42.0966183009606]
["2016-01-26","2016-01-26","01:00:00",93,null,null,0,"01/26/2016 01:00,\"\",\"\"",74.483720630452041]
["2016-01-28","2016-01-28","13:45:00",94,null,null,0,"01/28/2016 13:45,\"\",\"\"",92.423436814348364]
["2016-01-30","2016-01-30","15:00:00",95,null,null,0,"01/30/2016 15:00,\"\",\"\"",52.123471486748144]
["2016-02-01","2016-02-01","09:00:00",96,null,null,0,"02/01/2016 09:00,\"\",\"\"",66.935591666226216]
["2016-02-03","2016-02-03","23:30:00",97,null,null,0,"02/03/2016 23:30,\"\",\"\"",83.332383806599211]
["2016-02-05","2016-02-05","01:00:00",98,null,null,0,"02/05/2016 01:00,\"\",\"\"",98.544185399425345]
["2016-02-07","2016-02-07","13:45:00",99,null,null,0,"02/07/2016 13:45,\"\",\"\"",6.2606522918018275]
["2016-02-09","2016-02-09","15:00:00",100,null,null,0,"02/09/2016 15:00,\"\",\"\"",3.2812912897222879]

{"sheet":"Blackblot Hootsuite Uploader 3","index":3,"n_rows":107,"n_cols":9,"rows_kept":107,"cut":false,"hidden":false,"merged":[[0,3,2,5]]}
["Start Date:","2015-07-26",null,"Blackblot® Hootsuite Uploader Matrix"]
["Skipday:",2]
["Channel:","Twitter "]
["Date Format:","USA"]
["Check URL",true,null,null,null,null,{"$f":"VLOOKUP(B3,Settings!C8:D11,2)","v":140}]
[]
["Weekday","Date","Hour","#","Message","URL","Text Length","Uploader","Randomizer"]
[{"$f":"+B8","v":"2015-07-26"},{"$f":"+B1","v":"2015-07-26"},"09:00:00",1,"The Blackblot Strategic Product Leader™ (SPLD) educational program is a an advanced product leadership course. ","http://www.blackblot.com/spld/ ",{"$f":"LEN(TRIM(E8)) + LEN(TRIM(F8))","v":140},{"$f":"CONCATENATE(IF($B$4=\"USA\",CONCATENATE(TEXT(MONTH(B8),\"00\"),\"/\",TEXT(DAY(B8),\"00\"),\"/\",TEXT(YEAR(B8),\"0000\")),CONCATENATE(TEXT(DAY(B8),\"00\"),\"/\",TEXT(MONTH(B8),\"00\"),\"/\",TEXT(YEAR(B8),\"0000\"))),\" \",TEXT(HOUR(C8),\"00\"),\":\",TEXT(MINUTE(C8),\"00\"),\",\"&CHAR(34),TRIM(E8),CHAR(34)&\",\"&CHAR(34),TRIM(F8),CHAR(34))","v":"07/26/2015 09:00,\"The Blackblot Strategic Product Leader™ (SPLD) educational program is a an advanced product leadership course.\",\"http://www.blackblot.com/spld/\""},{"$f":"RAND()*100","v":42.622402133284645}]
["2015-07-28",{"$f":"+B8+$B$2","v":"2015-07-28"},"23:30:00",2,"Does your company have a uniform terminology and consistent processes for product management?","http://www.blackblot.com/glossary/",127,"07/28/2015 23:30,\"Does your company have a uniform terminology and consistent processes for product management?\",\"http://www.blackblot.com/glossary/\"",58.300010406969513]
["2015-07-30","2015-07-30","01:00:00",3,"The Powered by Blackblot™ KB is a dynamic repository of #prodmgmt  knowledge based on PMTK methodology","http://www.blackblot.com/kb/",129,"07/30/2015 01:00,\"The Powered by Blackblot™ KB is a dynamic repository of #prodmgmt knowledge based on PMTK methodology\",\"http://www.blackblot.com/kb/\"",24.767658685906046]
["2015-08-01","2015-08-01","13:45:00",4,"Master Blackblot Product Management Professional ™ rightfully earned #prodmgmt","http://www.blackblot.com/master-bpmp/",115,"08/01/2015 13:45,\"Master Blackblot Product Management Professional ™ rightfully earned #prodmgmt\",\"http://www.blackblot.com/master-bpmp/\"",31.534107945724699]
["2015-08-03","2015-08-03","15:00:00",5,"Are you a technology professional considering a role in product management?","http://www.blackblot.com/tpm/",104,"08/03/2015 15:00,\"Are you a technology professional considering a role in product management?\",\"http://www.blackblot.com/tpm/\"",17.869190315366712]
["2015-08-05","2015-08-05","09:00:00",6,"Blackblot Training Program Benefits - comprehensive study program #prodmgmt #HR","http://www.blackblot.com/benefits/",113,"08/05/2015 09:00,\"Blackblot Training Program Benefits - comprehensive study program #prodmgmt #HR\",\"http://www.blackblot.com/benefits/\"",60.253314488933455]
["2015-08-07","2015-08-07","23:30:00",7,"The KB provides product managers with categorized product management information via online searchable platform","http://www.blackblot.com/kb/",139,"08/07/2015 23:30,\"The KB provides product managers with categorized product management information via online searchable platform\",\"http://www.blackblot.com/kb/\"",29.364844547560342]
["2015-08-09","2015-08-09","01:00:00",8,"Blackblot Video - What is Product Management? #prodmgmt #prodmktg","http://www.blackblot.com/video/",96,"08/09/2015 01:00,\"Blackblot Video - What is Product Management? #prodmgmt #prodmktg\",\"http://www.blackblot.com/video/\"",64.671933239237831]
["2015-08-11","2015-08-11","13:45:00",9,"What is considered to be a good ratio of product engineers to product managers? #prodmgmt","http://www.blackblot.com/kb/dev-pm/pm-to-dev-ratio/",140,"08/11/2015 13:45,\"What is considered to be a good ratio of product engineers to product managers? #prodmgmt\",\"http://www.blackblot.com/kb/dev-pm/pm-to-dev-ratio/\"",71.709970820725644]
["2015-08-13","2015-08-13","15:00:00",10,"Check this out: resources for Product Managers powered by Blackblot #prodmgmt #prodmktg","http://www.blackblot.com/resources/",122,"08/13/2015 15:00,\"Check this out: resources for Product Managers powered by Blackblot #prodmgmt #prodmktg\",\"http://www.blackblot.com/resources/\"",52.316660669237933]
["2015-08-15","2015-08-15","09:00:00",11,"Blackblot - the practical path to excellence in #prodmgmt & #prodmktg wherever you start from.","http://www.blackblot.com/",119,"08/15/2015 09:00,\"Blackblot - the practical path to excellence in #prodmgmt & #prodmktg wherever you start from.\",\"http://www.blackblot.com/\"",47.830417663225418]
["2015-08-17","2015-08-17","23:30:00",12,"Looking to hire a Product Manager? Check out Blackblot - Alumni group on LinkedIn","http://www.blackblot.com/community/",116,"08/17/2015 23:30,\"Looking to hire a Product Manager? Check out Blackblot - Alumni group on LinkedIn\",\"http://www.blackblot.com/community/\"",71.555643130216922]
["2015-08-19","2015-08-19","01:00:00",13,"What makes Blackblot different?","http://www.blackblot.com/",56,"08/19/2015 01:00,\"What makes Blackblot different?\",\"http://www.blackblot.com/\"",48.273162663596594]
["2015-08-21","2015-08-21","13:45:00",14,"Career support is an integral part of an employee's well-being and will translate to better job performance","http://www.blackblot.com/career/",139,"08/21/2015 13:45,\"Career support is an integral part of an employee's well-being and will translate to better job performance\",\"http://www.blackblot.com/career/\"",40.379089254694442]
["2015-08-23","2015-08-23","15:00:00",15,"Blackblot's book on #prodmgmt  - The Product Manager's Toolkit™","http://www.blackblot.com/pmtk-book/",97,"08/23/2015 15:00,\"Blackblot's book on #prodmgmt - The Product Manager's Toolkit™\",\"http://www.blackblot.com/pmtk-book/\"",28.825405886665578]
["2015-08-25","2015-08-25","09:00:00",16,"Check the benefits of Blackblot Private Product Management and Marketing Training","http://www.blackblot.com/private/",114,"08/25/2015 09:00,\"Check the benefits of Blackblot Private Product Management and Marketing Training\",\"http://www.blackblot.com/private/\"",72.465237192697174]
["2015-08-27","2015-08-27","23:30:00",17,"The Blackblot Personal Career Package™ is a professional advisory service #prodmgmt #prodmktg","http://www.blackblot.com/bcp/",122,"08/27/2015 23:30,\"The Blackblot Personal Career Package™ is a professional advisory service #prodmgmt #prodmktg\",\"http://www.blackblot.com/bcp/\"",73.378355160826487]
["2015-08-29","2015-08-29","01:00:00",18,"Blackblot enables product managers to be more productive via unique and unsurpassed offering #prodmgmt #PMTK","http://www.blackblot.com/offering/",142,"08/29/2015 01:00,\"Blackblot enables product managers to be more productive via unique and unsurpassed offering #prodmgmt #PMTK\",\"http://www.blackblot.com/offering/\"",41.985125982211393]
["2015-08-31","2015-08-31","13:45:00",19,"Blackblot Product Management Certification Program Benefits #prodmgmt #prodmktg","http://www.blackblot.com/cert-benefits/",118,"08/31/2015 13:45,\"Blackblot Product Management Certification Program Benefits #prodmgmt #prodmktg\",\"http://www.blackblot.com/cert-benefits/\"",26.961262768704575]
["2015-09-02","2015-09-02","15:00:00",20,"Blackblot content retention tools for product managers","http://www.blackblot.com/retention/",89,"09/02/2015 15:00,\"Blackblot content retention tools for product managers\",\"http://www.blackblot.com/retention/\"",21.75886978173579]
["2015-09-04","2015-09-04","09:00:00",21,"A new tool for HR managers and recruiters: The Blackblot Psychometric Test™ (BPT) #ProductManagement #HR","http://www.blackblot.com/bpt/",133,"09/04/2015 09:00,\"A new tool for HR managers and recruiters: The Blackblot Psychometric Test™ (BPT) #ProductManagement #HR\",\"http://www.blackblot.com/bpt/\"",39.252044734794509]
["2015-09-06","2015-09-06","23:30:00",22,"Market-Value Pricing Model - Blackblot PMTK (Blackblot Product Manager's Toolkit™) #PMTK #prodmgmt #pricing","http://www.blackblot.com/mvp-model/",142,"09/06/2015 23:30,\"Market-Value Pricing Model - Blackblot PMTK (Blackblot Product Manager's Toolkit™) #PMTK #prodmgmt #pricing\",\"http://www.blackblot.com/mvp-model/\"",43.784013739171222]
["2015-09-08","2015-09-08","01:00:00",23,"Gauge the level of maturity of the #prodmgmt practice at your company. ","http://www.blackblot.com/pmeval/",102,"09/08/2015 01:00,\"Gauge the level of maturity of the #prodmgmt practice at your company.\",\"http://www.blackblot.com/pmeval/\"",66.85189476685845]
["2015-09-10","2015-09-10","13:45:00",24,"What makes Blackblot different?","http://www.blackblot.com/",56,"09/10/2015 13:45,\"What makes Blackblot different?\",\"http://www.blackblot.com/\"",0.61920264969563821]
["2015-09-12","2015-09-12","15:00:00",25,"Blackblot Strategic Product Management ™ - occupational core & advanced skills training program for professionals","http://www.blackblot.com/spmr/",143,"09/12/2015 15:00,\"Blackblot Strategic Product Management ™ - occupational core & advanced skills training program for professionals\",\"http://www.blackblot.com/spmr/\"",53.625250226591362]
["2015-09-14","2015-09-14","09:00:00",26,null,null,{"$f":"LEN(TRIM(E33)) + LEN(TRIM(F33))","v":0},{"$f":"CONCATENATE(IF($B$4=\"USA\",CONCATENATE(TEXT(MONTH(B33),\"00\"),\"/\",TEXT(DAY(B33),\"00\"),\"/\",TEXT(YEAR(B33),\"0000\")),CONCATENATE(TEXT(DAY(B33),\"00\"),\"/\",TEXT(MONTH(B33),\"00\"),\"/\",TEXT(YEAR(B33),\"0000\"))),\" \",TEXT(HOUR(C33),\"00\"),\":\",TEXT(MINUTE(C33),\"00\"),\",\"&CHAR(34),TRIM(E33),CHAR(34)&\",\"&CHAR(34),TRIM(F33),CHAR(34))","v":"09/14/2015 09:00,\"\",\"\""},{"$f":"RAND()*100","v":30.017468253030621}]
["2015-09-16","2015-09-16","23:30:00",27,null,null,0,"09/16/2015 23:30,\"\",\"\"",17.889032800547401]
["2015-09-18","2015-09-18","01:00:00",28,null,null,0,"09/18/2015 01:00,\"\",\"\"",60.777339900335448]
["2015-09-20","2015-09-20","13:45:00",29,null,null,0,"09/20/2015 13:45,\"\",\"\"",94.020992892395313]
["2015-09-22","2015-09-22","15:00:00",30,null,null,0,"09/22/2015 15:00,\"\",\"\"",28.036718092949474]
["2015-09-24","2015-09-24","09:00:00",31,null,null,0,"09/24/2015 09:00,\"\",\"\"",23.607738171044623]
["2015-09-26","2015-09-26","23:30:00",32,null,null,0,"09/26/2015 23:30,\"\",\"\"",26.919537607831423]
["2015-09-28","2015-09-28","01:00:00",33,null,null,0,"09/28/2015 01:00,\"\",\"\"",13.674863980799135]
["2015-09-30","2015-09-30","13:45:00",34,null,null,0,"09/30/2015 13:45,\"\",\"\"",7.8150669626879328]
["2015-10-02","2015-10-02","15:00:00",35,null,null,0,"10/02/2015 15:00,\"\",\"\"",9.8313444822881522]
["2015-10-04","2015-10-04","09:00:00",36,null,null,0,"10/04/2015 09:00,\"\",\"\"",23.238682280362021]
["2015-10-06","2015-10-06","23:30:00",37,null,null,0,"10/06/2015 23:30,\"\",\"\"",24.37553673144922]
["2015-10-08","2015-10-08","01:00:00",38,null,null,0,"10/08/2015 01:00,\"\",\"\"",20.937926791803008]
["2015-10-10","2015-10-10","13:45:00",39,null,null,0,"10/10/2015 13:45,\"\",\"\"",47.468690431119875]
["2015-10-12","2015-10-12","15:00:00",40,null,null,0,"10/12/2015 15:00,\"\",\"\"",94.451414798433532]
["2015-10-14","2015-10-14","09:00:00",41,null,null,0,"10/14/2015 09:00,\"\",\"\"",24.450427189360425]
["2015-10-16","2015-10-16","23:30:00",42,null,null,0,"10/16/2015 23:30,\"\",\"\"",8.6410087093456092]
["2015-10-18","2015-10-18","01:00:00",43,null,null,0,"10/18/2015 01:00,\"\",\"\"",98.155234509500048]
["2015-10-20","2015-10-20","13:45:00",44,null,null,0,"10/20/2015 13:45,\"\",\"\"",23.404876986835166]
["2015-10-22","2015-10-22","15:00:00",45,null,null,0,"10/22/2015 15:00,\"\",\"\"",76.029292797305686]
["2015-10-24","2015-10-24","09:00:00",46,null,null,0,"10/24/2015 09:00,\"\",\"\"",14.272711113057158]
["2015-10-26","2015-10-26","23:30:00",47,null,null,0,"10/26/2015 23:30,\"\",\"\"",36.163360999196613]
["2015-10-28","2015-10-28","01:00:00",48,null,null,0,"10/28/2015 01:00,\"\",\"\"",91.260481089894469]
["2015-10-30","2015-10-30","13:45:00",49,null,null,0,"10/30/2015 13:45,\"\",\"\"",40.870180076609863]
["2015-11-01","2015-11-01","15:00:00",50,null,null,0,"11/01/2015 15:00,\"\",\"\"",90.154295352935762]
["2015-11-03","2015-11-03","09:00:00",51,null,null,0,"11/03/2015 09:00,\"\",\"\"",47.477851679308714]
["2015-11-05","2015-11-05","23:30:00",52,null,null,0,"11/05/2015 23:30,\"\",\"\"",21.309486509647257]
["2015-11-07","2015-11-07","01:00:00",53,null,null,0,"11/07/2015 01:00,\"\",\"\"",56.075353628814561]
["2015-11-09","2015-11-09","13:45:00",54,null,null,0,"11/09/2015 13:45,\"\",\"\"",18.342531097928006]
["2015-11-11","2015-11-11","15:00:00",55,null,null,0,"11/11/2015 15:00,\"\",\"\"",78.557628045927189]
["2015-11-13","2015-11-13","09:00:00",56,null,null,0,"11/13/2015 09:00,\"\",\"\"",56.765288578887883]
["2015-11-15","2015-11-15","23:30:00",57,null,null,0,"11/15/2015 23:30,\"\",\"\"",78.034445118401962]
["2015-11-17","2015-11-17","01:00:00",58,null,null,0,"11/17/2015 01:00,\"\",\"\"",27.720751481520335]
["2015-11-19","2015-11-19","13:45:00",59,null,null,0,"11/19/2015 13:45,\"\",\"\"",63.733267707854623]
["2015-11-21","2015-11-21","15:00:00",60,null,null,0,"11/21/2015 15:00,\"\",\"\"",45.431912313033621]
["2015-11-23","2015-11-23","09:00:00",61,null,null,0,"11/23/2015 09:00,\"\",\"\"",80.224774092347658]
["2015-11-25","2015-11-25","23:30:00",62,null,null,0,"11/25/2015 23:30,\"\",\"\"",69.314372527607517]
["2015-11-27","2015-11-27","01:00:00",63,null,null,0,"11/27/2015 01:00,\"\",\"\"",17.559907039311717]
["2015-11-29","2015-11-29","13:45:00",64,null,null,0,"11/29/2015 13:45,\"\",\"\"",56.693900901220573]
[{"$f":"+B72","v":"2015-12-01"},"2015-12-01","15:00:00",65,null,null,{"$f":"LEN(TRIM(E72)) + LEN(TRIM(F72))","v":0},{"$f":"CONCATENATE(IF($B$4=\"USA\",CONCATENATE(TEXT(MONTH(B72),\"00\"),\"/\",TEXT(DAY(B72),\"00\"),\"/\",TEXT(YEAR(B72),\"0000\")),CONCATENATE(TEXT(DAY(B72),\"00\"),\"/\",TEXT(MONTH(B72),\"00\"),\"/\",TEXT(YEAR(B72),\"0000\"))),\" \",TEXT(HOUR(C72),\"00\"),\":\",TEXT(MINUTE(C72),\"00\"),\",\"&CHAR(34),TRIM(E72),CHAR(34)&\",\"&CHAR(34),TRIM(F72),CHAR(34))","v":"12/01/2015 15:00,\"\",\"\""},{"$f":"RAND()*100","v":82.5784264437753}]
["2015-12-03",{"$f":"+B72+$B$2","v":"2015-12-03"},"09:00:00",66,null,null,0,"12/03/2015 09:00,\"\",\"\"",79.181011562614259]
["2015-12-05","2015-12-05","23:30:00",67,null,null,0,"12/05/2015 23:30,\"\",\"\"",8.0518937111202167]
["2015-12-07","2015-12-07","01:00:00",68,null,null,0,"12/07/2015 01:00,\"\",\"\"",19.013619559355021]
["2015-12-09","2015-12-09","13:45:00",69,null,null,0,"12/09/2015 13:45,\"\",\"\"",1.2374713569604956]
["2015-12-11","2015-12-11","15:00:00",70,null,null,0,"12/11/2015 15:00,\"\",\"\"",11.103035547976326]
["2015-12-13","2015-12-13","09:00:00",71,null,null,0,"12/13/2015 09:00,\"\",\"\"",92.823416702014924]
["2015-12-15","2015-12-15","23:30:00",72,null,null,0,"12/15/2015 23:30,\"\",\"\"",46.00440081621403]
["2015-12-17","2015-12-17","01:00:00",73,null,null,0,"12/17/2015 01:00,\"\",\"\"",12.44116074599857]
["2015-12-19","2015-12-19","13:45:00",74,null,null,0,"12/19/2015 13:45,\"\",\"\"",91.540721416382311]
["2015-12-21","2015-12-21","15:00:00",75,null,null,0,"12/21/2015 15:00,\"\",\"\"",69.175014736595401]
["2015-12-23","2015-12-23","09:00:00",76,null,null,0,"12/23/2015 09:00,\"\",\"\"",2.1798655576779624]
["2015-12-25","2015-12-25","23:30:00",77,null,null,0,"12/25/2015 23:30,\"\",\"\"",61.959347840962621]
["2015-12-27","2015-12-27","01:00:00",78,null,null,0,"12/27/2015 01:00,\"\",\"\"",50.042906793361453]
["2015-12-29","2015-12-29","13:45:00",79,null,null,0,"12/29/2015 13:45,\"\",\"\"",8.6726166112667258]
["2015-12-31","2015-12-31","15:00:00",80,null,null,0,"12/31/2015 15:00,\"\",\"\"",10.315638140125083]
["2016-01-02","2016-01-02","09:00:00",81,null,null,0,"01/02/2016 09:00,\"\",\"\"",67.32621982910625]
["2016-01-04","2016-01-04","23:30:00",82,null,null,0,"01/04/2016 23:30,\"\",\"\"",58.299245176066329]
["2016-01-06","2016-01-06","01:00:00",83,null,null,0,"01/06/2016 01:00,\"\",\"\"",52.258639181487041]
["2016-01-08","2016-01-08","13:45:00",84,null,null,0,"01/08/2016 13:45,\"\",\"\"",87.080268902466969]
["2016-01-10","2016-01-10","15:00:00",85,null,null,0,"01/10/2016 15:00,\"\",\"\"",25.439351455737537]
["2016-01-12","2016-01-12","09:00:00",86,null,null,0,"01/12/2016 09:00,\"\",\"\"",12.968162491448121]
["2016-01-14","2016-01-14","23:30:00",87,null,null,0,"01/14/2016 23:30,\"\",\"\"",63.559018437549696]
["2016-01-16","2016-01-16","01:00:00",88,null,null,0,"01/16/2016 01:00,\"\",\"\"",83.183448869660154]
["2016-01-18","2016-01-18","13:45:00",89,null,null,0,"01/18/2016 13:45,\"\",\"\"",60.650706014733636]
["2016-01-20","2016-01-20","15:00:00",90,null,null,0,"01/20/2016 15:00,\"\",\"\"",54.81719754406231]
["2016-01-22","2016-01-22","09:00:00",91,null,null,0,"01/22/2016 09:00,\"\",\"\"",33.83829896972096]
["2016-01-24","2016-01-24","23:30:00",92,null,null,0,"01/24/2016 23:30,\"\",\"\"",95.854515856332554]
["2016-01-26","2016-01-26","01:00:00",93,null,null,0,"01/26/2016 01:00,\"\",\"\"",85.655110737861108]
["2016-01-28","2016-01-28","13:45:00",94,null,null,0,"01/28/2016 13:45,\"\",\"\"",0.63896011571804578]
["2016-01-30","2016-01-30","15:00:00",95,null,null,0,"01/30/2016 15:00,\"\",\"\"",74.258992430646998]
["2016-02-01","2016-02-01","09:00:00",96,null,null,0,"02/01/2016 09:00,\"\",\"\"",91.966727459849011]
["2016-02-03","2016-02-03","23:30:00",97,null,null,0,"02/03/2016 23:30,\"\",\"\"",4.1286594500715479]
["2016-02-05","2016-02-05","01:00:00",98,null,null,0,"02/05/2016 01:00,\"\",\"\"",91.212957248016451]
["2016-02-07","2016-02-07","13:45:00",99,null,null,0,"02/07/2016 13:45,\"\",\"\"",72.13071156072948]
["2016-02-09","2016-02-09","15:00:00",100,null,null,0,"02/09/2016 15:00,\"\",\"\"",82.959165360614861]

{"sheet":"Blackblot Hootsuite Uploader 4","index":4,"n_rows":107,"n_cols":9,"rows_kept":107,"cut":false,"hidden":false,"merged":[[0,3,2,5]]}
["Start Date:","2015-07-26",null,"Blackblot® Hootsuite Uploader Matrix"]
["Skipday:",2]
["Channel:","Twitter "]
["Date Format:","USA"]
["Check URL",true,null,null,null,null,{"$f":"VLOOKUP(B3,Settings!C8:D11,2)","v":140}]
[]
["Weekday","Date","Hour","#","Message","URL","Text Length","Uploader","Randomizer"]
[{"$f":"+B8","v":"2015-07-26"},{"$f":"+B1","v":"2015-07-26"},"09:00:00",1,"Check the benefits of Blackblot Private Product Management and Marketing Training","http://www.blackblot.com/private/",{"$f":"LEN(TRIM(E8)) + LEN(TRIM(F8))","v":114},{"$f":"CONCATENATE(IF($B$4=\"USA\",CONCATENATE(TEXT(MONTH(B8),\"00\"),\"/\",TEXT(DAY(B8),\"00\"),\"/\",TEXT(YEAR(B8),\"0000\")),CONCATENATE(TEXT(DAY(B8),\"00\"),\"/\",TEXT(MONTH(B8),\"00\"),\"/\",TEXT(YEAR(B8),\"0000\"))),\" \",TEXT(HOUR(C8),\"00\"),\":\",TEXT(MINUTE(C8),\"00\"),\",\"&CHAR(34),TRIM(E8),CHAR(34)&\",\"&CHAR(34),TRIM(F8),CHAR(34))","v":"07/26/2015 09:00,\"Check the benefits of Blackblot Private Product Management and Marketing Training\",\"http://www.blackblot.com/private/\""},{"$f":"RAND()*100","v":85.524273383326104}]
["2015-07-28",{"$f":"+B8+$B$2","v":"2015-07-28"},"23:30:00",2,"Career support is an integral part of an employee's well-being and will translate to better job performance","http://www.blackblot.com/career/",139,"07/28/2015 23:30,\"Career support is an integral part of an employee's well-being and will translate to better job performance\",\"http://www.blackblot.com/career/\"",63.836214763070252]
["2015-07-30","2015-07-30","01:00:00",3,"A new tool for HR managers and recruiters: The Blackblot Psychometric Test™ (BPT) #ProductManagement #HR","http://www.blackblot.com/bpt/",133,"07/30/2015 01:00,\"A new tool for HR managers and recruiters: The Blackblot Psychometric Test™ (BPT) #ProductManagement #HR\",\"http://www.blackblot.com/bpt/\"",70.425045600100233]
["2015-08-01","2015-08-01","13:45:00",4,"Gauge the level of maturity of the #prodmgmt practice at your company. ","http://www.blackblot.com/pmeval/",102,"08/01/2015 13:45,\"Gauge the level of maturity of the #prodmgmt practice at your company.\",\"http://www.blackblot.com/pmeval/\"",91.390474642148817]
["2015-08-03","2015-08-03","15:00:00",5,"What makes Blackblot different?","http://www.blackblot.com/",56,"08/03/2015 15:00,\"What makes Blackblot different?\",\"http://www.blackblot.com/\"",43.018192739684956]
["2015-08-05","2015-08-05","09:00:00",6,"The KB provides product managers with categorized product management information via online searchable platform","http://www.blackblot.com/kb/",139,"08/05/2015 09:00,\"The KB provides product managers with categorized product management information via online searchable platform\",\"http://www.blackblot.com/kb/\"",90.05695636246061]
["2015-08-07","2015-08-07","23:30:00",7,"Check this out: resources for Product Managers powered by Blackblot #prodmgmt #prodmktg","http://www.blackblot.com/resources/",122,"08/07/2015 23:30,\"Check this out: resources for Product Managers powered by Blackblot #prodmgmt #prodmktg\",\"http://www.blackblot.com/resources/\"",26.180823237791738]
["2015-08-09","2015-08-09","01:00:00",8,"Blackblot enables product managers to be more productive via unique and unsurpassed offering #prodmgmt #PMTK","http://www.blackblot.com/offering/",142,"08/09/2015 01:00,\"Blackblot enables product managers to be more productive via unique and unsurpassed offering #prodmgmt #PMTK\",\"http://www.blackblot.com/offering/\"",47.96430691240019]
["2015-08-11","2015-08-11","13:45:00",9,"Blackblot's book on #prodmgmt  - The Product Manager's Toolkit™","http://www.blackblot.com/pmtk-book/",97,"08/11/2015 13:45,\"Blackblot's book on #prodmgmt - The Product Manager's Toolkit™\",\"http://www.blackblot.com/pmtk-book/\"",89.896366950677674]
["2015-08-13","2015-08-13","15:00:00",10,"Blackblot Strategic Product Management ™ - occupational core & advanced skills training program for professionals","http://www.blackblot.com/spmr/",143,"08/13/2015 15:00,\"Blackblot Strategic Product Management ™ - occupational core & advanced skills training program for professionals\",\"http://www.blackblot.com/spmr/\"",93.318768947358762]
["2015-08-15","2015-08-15","09:00:00",11,"The Blackblot Personal Career Package™ is a professional advisory service #prodmgmt #prodmktg","http://www.blackblot.com/bcp/",122,"08/15/2015 09:00,\"The Blackblot Personal Career Package™ is a professional advisory service #prodmgmt #prodmktg\",\"http://www.blackblot.com/bcp/\"",64.557706661918289]
["2015-08-17","2015-08-17","23:30:00",12,"Master Blackblot Product Management Professional ™ rightfully earned #prodmgmt","http://www.blackblot.com/master-bpmp/",115,"08/17/2015 23:30,\"Master Blackblot Product Management Professional ™ rightfully earned #prodmgmt\",\"http://www.blackblot.com/master-bpmp/\"",34.541128085898897]
["2015-08-19","2015-08-19","01:00:00",13,"Are you a technology professional considering a role in product management?","http://www.blackblot.com/tpm/",104,"08/19/2015 01:00,\"Are you a technology professional considering a role in product management?\",\"http://www.blackblot.com/tpm/\"",15.8311877712063]
["2015-08-21","2015-08-21","13:45:00",14,"Blackblot Product Management Certification Program Benefits #prodmgmt #prodmktg","http://www.blackblot.com/cert-benefits/",118,"08/21/2015 13:45,\"Blackblot Product Management Certification Program Benefits #prodmgmt #prodmktg\",\"http://www.blackblot.com/cert-benefits/\"",23.54281010649667]
["2015-08-23","2015-08-23","15:00:00",15,"Blackblot Video - What is Product Management? #prodmgmt #prodmktg","http://www.blackblot.com/video/",96,"08/23/2015 15:00,\"Blackblot Video - What is Product Management? #prodmgmt #prodmktg\",\"http://www.blackblot.com/video/\"",37.2685141829621]
["2015-08-25","2015-08-25","09:00:00",16,"Blackblot content retention tools for product managers","http://www.blackblot.com/retention/",89,"08/25/2015 09:00,\"Blackblot content retention tools for product managers\",\"http://www.blackblot.com/retention/\"",27.996606622196108]
["2015-08-27","2015-08-27","23:30:00",17,"Looking to hire a Product Manager? Check out Blackblot - Alumni group on LinkedIn","http://www.blackblot.com/community/",116,"08/27/2015 23:30,\"Looking to hire a Product Manager? Check out Blackblot - Alumni group on LinkedIn\",\"http://www.blackblot.com/community/\"",74.670378210643179]
["2015-08-29","2015-08-29","01:00:00",18,"Does your company have a uniform terminology and consistent processes for product management?","http://www.blackblot.com/glossary/",127,"08/29/2015 01:00,\"Does your company have a uniform terminology and consistent processes for product management?\",\"http://www.blackblot.com/glossary/\"",42.567396044566507]
["2015-08-31","2015-08-31","13:45:00",19,"Market-Value Pricing Model - Blackblot PMTK (Blackblot Product Manager's Toolkit™) #PMTK #prodmgmt #pricing","http://www.blackblot.com/mvp-model/",142,"08/31/2015 13:45,\"Market-Value Pricing Model - Blackblot PMTK (Blackblot Product Manager's Toolkit™) #PMTK #prodmgmt #pricing\",\"http://www.blackblot.com/mvp-model/\"",35.859781123629844]
["2015-09-02","2015-09-02","15:00:00",20,"What is considered to be a good ratio of product engineers to product managers? #prodmgmt","http://www.blackblot.com/kb/dev-pm/pm-to-dev-ratio/",140,"09/02/2015 15:00,\"What is considered to be a good ratio of product engineers to product managers? #prodmgmt\",\"http://www.blackblot.com/kb/dev-pm/pm-to-dev-ratio/\"",23.39792119802485]
["2015-09-04","2015-09-04","09:00:00",21,"The Powered by Blackblot™ KB is a dynamic repository of #prodmgmt  knowledge based on PMTK methodology","http://www.blackblot.com/kb/",129,"09/04/2015 09:00,\"The Powered by Blackblot™ KB is a dynamic repository of #prodmgmt knowledge based on PMTK methodology\",\"http://www.blackblot.com/kb/\"",1.9519830247337722]
["2015-09-06","2015-09-06","23:30:00",22,"Blackblot Training Program Benefits - comprehensive study program #prodmgmt #HR","http://www.blackblot.com/benefits/",113,"09/06/2015 23:30,\"Blackblot Training Program Benefits - comprehensive study program #prodmgmt #HR\",\"http://www.blackblot.com/benefits/\"",14.648225094496292]
["2015-09-08","2015-09-08","01:00:00",23,"What makes Blackblot different?","http://www.blackblot.com/",56,"09/08/2015 01:00,\"What makes Blackblot different?\",\"http://www.blackblot.com/\"",53.547058257582044]
["2015-09-10","2015-09-10","13:45:00",24,"The Blackblot Strategic Product Leader™ (SPLD) educational program is a an advanced product leadership course. ","http://www.blackblot.com/spld/ ",140,"09/10/2015 13:45,\"The Blackblot Strategic Product Leader™ (SPLD) educational program is a an advanced product leadership course.\",\"http://www.blackblot.com/spld/\"",8.4933104707803473]
["2015-09-12","2015-09-12","15:00:00",25,"Blackblot - the practical path to excellence in #prodmgmt & #prodmktg wherever you start from.","http://www.blackblot.com/",119,"09/12/2015 15:00,\"Blackblot - the practical path to excellence in #prodmgmt & #prodmktg wherever you start from.\",\"http://www.blackblot.com/\"",48.052662689968898]
["2015-09-14","2015-09-14","09:00:00",26,null,null,{"$f":"LEN(TRIM(E33)) + LEN(TRIM(F33))","v":0},{"$f":"CONCATENATE(IF($B$4=\"USA\",CONCATENATE(TEXT(MONTH(B33),\"00\"),\"/\",TEXT(DAY(B33),\"00\"),\"/\",TEXT(YEAR(B33),\"0000\")),CONCATENATE(TEXT(DAY(B33),\"00\"),\"/\",TEXT(MONTH(B33),\"00\"),\"/\",TEXT(YEAR(B33),\"0000\"))),\" \",TEXT(HOUR(C33),\"00\"),\":\",TEXT(MINUTE(C33),\"00\"),\",\"&CHAR(34),TRIM(E33),CHAR(34)&\",\"&CHAR(34),TRIM(F33),CHAR(34))","v":"09/14/2015 09:00,\"\",\"\""},{"$f":"RAND()*100","v":36.995201140818835}]
["2015-09-16","2015-09-16","23:30:00",27,null,null,0,"09/16/2015 23:30,\"\",\"\"",22.821979902899294]
["2015-09-18","2015-09-18","01:00:00",28,null,null,0,"09/18/2015 01:00,\"\",\"\"",66.685037283431186]
["2015-09-20","2015-09-20","13:45:00",29,null,null,0,"09/20/2015 13:45,\"\",\"\"",10.757734473325842]
["2015-09-22","2015-09-22","15:00:00",30,null,null,0,"09/22/2015 15:00,\"\",\"\"",57.409285540173329]
["2015-09-24","2015-09-24","09:00:00",31,null,null,0,"09/24/2015 09:00,\"\",\"\"",99.670733058059739]
["2015-09-26","2015-09-26","23:30:00",32,null,null,0,"09/26/2015 23:30,\"\",\"\"",2.9895304388398714]
["2015-09-28","2015-09-28","01:00:00",33,null,null,0,"09/28/2015 01:00,\"\",\"\"",70.552186604290839]
["2015-09-30","2015-09-30","13:45:00",34,null,null,0,"09/30/2015 13:45,\"\",\"\"",19.950352346124646]
["2015-10-02","2015-10-02","15:00:00",35,null,null,0,"10/02/2015 15:00,\"\",\"\"",11.664469278120016]
["2015-10-04","2015-10-04","09:00:00",36,null,null,0,"10/04/2015 09:00,\"\",\"\"",5.4256276979172346]
["2015-10-06","2015-10-06","23:30:00",37,null,null,0,"10/06/2015 23:30,\"\",\"\"",64.025479098142497]
["2015-10-08","2015-10-08","01:00:00",38,null,null,0,"10/08/2015 01:00,\"\",\"\"",34.916649629108484]
["2015-10-10","2015-10-10","13:45:00",39,null,null,0,"10/10/2015 13:45,\"\",\"\"",17.709166951535892]
["2015-10-12","2015-10-12","15:00:00",40,null,null,0,"10/12/2015 15:00,\"\",\"\"",15.502657538635079]
["2015-10-14","2015-10-14","09:00:00",41,null,null,0,"10/14/2015 09:00,\"\",\"\"",83.225211986900121]
["2015-10-16","2015-10-16","23:30:00",42,null,null,0,"10/16/2015 23:30,\"\",\"\"",46.113170142593304]
["2015-10-18","2015-10-18","01:00:00",43,null,null,0,"10/18/2015 01:00,\"\",\"\"",61.102577976941994]
["2015-10-20","2015-10-20","13:45:00",44,null,null,0,"10/20/2015 13:45,\"\",\"\"",90.518113770340321]
["2015-10-22","2015-10-22","15:00:00",45,null,null,0,"10/22/2015 15:00,\"\",\"\"",41.001511175010528]
["2015-10-24","2015-10-24","09:00:00",46,null,null,0,"10/24/2015 09:00,\"\",\"\"",6.348851445706627]
["2015-10-26","2015-10-26","23:30:00",47,null,null,0,"10/26/2015 23:30,\"\",\"\"",64.624020275991441]
["2015-10-28","2015-10-28","01:00:00",48,null,null,0,"10/28/2015 01:00,\"\",\"\"",44.589808986146842]
["2015-10-30","2015-10-30","13:45:00",49,null,null,0,"10/30/2015 13:45,\"\",\"\"",57.8251616662697]
["2015-11-01","2015-11-01","15:00:00",50,null,null,0,"11/01/2015 15:00,\"\",\"\"",1.0076840614558713]
["2015-11-03","2015-11-03","09:00:00",51,null,null,0,"11/03/2015 09:00,\"\",\"\"",52.600831731904542]
["2015-11-05","2015-11-05","23:30:00",52,null,null,0,"11/05/2015 23:30,\"\",\"\"",44.024105483051144]
["2015-11-07","2015-11-07","01:00:00",53,null,null,0,"11/07/2015 01:00,\"\",\"\"",96.309266817127622]
["2015-11-09","2015-11-09","13:45:00",54,null,null,0,"11/09/2015 13:45,\"\",\"\"",85.674279436535969]
["2015-11-11","2015-11-11","15:00:00",55,null,null,0,"11/11/2015 15:00,\"\",\"\"",74.657034093478785]
["2015-11-13","2015-11-13","09:00:00",56,null,null,0,"11/13/2015 09:00,\"\",\"\"",33.81595130349686]
["2015-11-15","2015-11-15","23:30:00",57,null,null,0,"11/15/2015 23:30,\"\",\"\"",86.840686352250458]
["2015-11-17","2015-11-17","01:00:00",58,null,null,0,"11/17/2015 01:00,\"\",\"\"",50.978100677928417]
["2015-11-19","2015-11-19","13:45:00",59,null,null,0,"11/19/2015 13:45,\"\",\"\"",19.273115824327004]
["2015-11-21","2015-11-21","15:00:00",60,null,null,0,"11/21/2015 15:00,\"\",\"\"",83.350554515500335]
["2015-11-23","2015-11-23","09:00:00",61,null,null,0,"11/23/2015 09:00,\"\",\"\"",19.187116103177548]
["2015-11-25","2015-11-25","23:30:00",62,null,null,0,"11/25/2015 23:30,\"\",\"\"",94.033879939180451]
["2015-11-27","2015-11-27","01:00:00",63,null,null,0,"11/27/2015 01:00,\"\",\"\"",94.185356025264682]
["2015-11-29","2015-11-29","13:45:00",64,null,null,0,"11/29/2015 13:45,\"\",\"\"",14.913070653019677]
[{"$f":"+B72","v":"2015-12-01"},"2015-12-01","15:00:00",65,null,null,{"$f":"LEN(TRIM(E72)) + LEN(TRIM(F72))","v":0},{"$f":"CONCATENATE(IF($B$4=\"USA\",CONCATENATE(TEXT(MONTH(B72),\"00\"),\"/\",TEXT(DAY(B72),\"00\"),\"/\",TEXT(YEAR(B72),\"0000\")),CONCATENATE(TEXT(DAY(B72),\"00\"),\"/\",TEXT(MONTH(B72),\"00\"),\"/\",TEXT(YEAR(B72),\"0000\"))),\" \",TEXT(HOUR(C72),\"00\"),\":\",TEXT(MINUTE(C72),\"00\"),\",\"&CHAR(34),TRIM(E72),CHAR(34)&\",\"&CHAR(34),TRIM(F72),CHAR(34))","v":"12/01/2015 15:00,\"\",\"\""},{"$f":"RAND()*100","v":79.191189141501113}]
["2015-12-03",{"$f":"+B72+$B$2","v":"2015-12-03"},"09:00:00",66,null,null,0,"12/03/2015 09:00,\"\",\"\"",90.552781963142905]
["2015-12-05","2015-12-05","23:30:00",67,null,null,0,"12/05/2015 23:30,\"\",\"\"",85.524808209282213]
["2015-12-07","2015-12-07","01:00:00",68,null,null,0,"12/07/2015 01:00,\"\",\"\"",55.02779658392474]
["2015-12-09","2015-12-09","13:45:00",69,null,null,0,"12/09/2015 13:45,\"\",\"\"",10.254309203936785]
["2015-12-11","2015-12-11","15:00:00",70,null,null,0,"12/11/2015 15:00,\"\",\"\"",21.726549561635935]
["2015-12-13","2015-12-13","09:00:00",71,null,null,0,"12/13/2015 09:00,\"\",\"\"",81.750071744157822]
["2015-12-15","2015-12-15","23:30:00",72,null,null,0,"12/15/2015 23:30,\"\",\"\"",54.623263705259021]
["2015-12-17","2015-12-17","01:00:00",73,null,null,0,"12/17/2015 01:00,\"\",\"\"",81.17876488465285]
["2015-12-19","2015-12-19","13:45:00",74,null,null,0,"12/19/2015 13:45,\"\",\"\"",16.166118010132791]
["2015-12-21","2015-12-21","15:00:00",75,null,null,0,"12/21/2015 15:00,\"\",\"\"",97.797085799551766]
["2015-12-23","2015-12-23","09:00:00",76,null,null,0,"12/23/2015 09:00,\"\",\"\"",5.9950856670112795]
["2015-12-25","2015-12-25","23:30:00",77,null,null,0,"12/25/2015 23:30,\"\",\"\"",0.28895267629989174]
["2015-12-27","2015-12-27","01:00:00",78,null,null,0,"12/27/2015 01:00,\"\",\"\"",84.332791406818714]
["2015-12-29","2015-12-29","13:45:00",79,null,null,0,"12/29/2015 13:45,\"\",\"\"",64.224706229632517]
["2015-12-31","2015-12-31","15:00:00",80,null,null,0,"12/31/2015 15:00,\"\",\"\"",54.789309631279828]
["2016-01-02","2016-01-02","09:00:00",81,null,null,0,"01/02/2016 09:00,\"\",\"\"",33.990524016088642]
["2016-01-04","2016-01-04","23:30:00",82,null,null,0,"01/04/2016 23:30,\"\",\"\"",45.914513561431626]
["2016-01-06","2016-01-06","01:00:00",83,null,null,0,"01/06/2016 01:00,\"\",\"\"",57.11465357295944]
["2016-01-08","2016-01-08","13:45:00",84,null,null,0,"01/08/2016 13:45,\"\",\"\"",5.508968434098005]
["2016-01-10","2016-01-10","15:00:00",85,null,null,0,"01/10/2016 15:00,\"\",\"\"",62.902299879300486]
["2016-01-12","2016-01-12","09:00:00",86,null,null,0,"01/12/2016 09:00,\"\",\"\"",10.881011323705824]
["2016-01-14","2016-01-14","23:30:00",87,null,null,0,"01/14/2016 23:30,\"\",\"\"",83.523025662891925]
["2016-01-16","2016-01-16","01:00:00",88,null,null,0,"01/16/2016 01:00,\"\",\"\"",91.336800727000593]
["2016-01-18","2016-01-18","13:45:00",89,null,null,0,"01/18/2016 13:45,\"\",\"\"",31.775362626607194]
["2016-01-20","2016-01-20","15:00:00",90,null,null,0,"01/20/2016 15:00,\"\",\"\"",81.97746768477991]
["2016-01-22","2016-01-22","09:00:00",91,null,null,0,"01/22/2016 09:00,\"\",\"\"",74.840104031113114]
["2016-01-24","2016-01-24","23:30:00",92,null,null,0,"01/24/2016 23:30,\"\",\"\"",27.987078341475748]
["2016-01-26","2016-01-26","01:00:00",93,null,null,0,"01/26/2016 01:00,\"\",\"\"",41.280852684648814]
["2016-01-28","2016-01-28","13:45:00",94,null,null,0,"01/28/2016 13:45,\"\",\"\"",86.941988939120378]
["2016-01-30","2016-01-30","15:00:00",95,null,null,0,"01/30/2016 15:00,\"\",\"\"",68.374587798288928]
["2016-02-01","2016-02-01","09:00:00",96,null,null,0,"02/01/2016 09:00,\"\",\"\"",27.491426399865361]
["2016-02-03","2016-02-03","23:30:00",97,null,null,0,"02/03/2016 23:30,\"\",\"\"",73.22326598933229]
["2016-02-05","2016-02-05","01:00:00",98,null,null,0,"02/05/2016 01:00,\"\",\"\"",59.202479886837075]
["2016-02-07","2016-02-07","13:45:00",99,null,null,0,"02/07/2016 13:45,\"\",\"\"",7.8410717356102939]
["2016-02-09","2016-02-09","15:00:00",100,null,null,0,"02/09/2016 15:00,\"\",\"\"",56.167788783659979]

{"sheet":"Blackblot Hootsuite Uploader 5","index":5,"n_rows":107,"n_cols":9,"rows_kept":107,"cut":false,"hidden":false,"merged":[[0,3,2,5]]}
["Start Date:","2015-07-26",null,"Blackblot® Hootsuite Uploader Matrix"]
["Skipday:",2]
["Channel:","Twitter "]
["Date Format:","USA"]
["Check URL",true,null,null,null,null,{"$f":"VLOOKUP(B3,Settings!C8:D11,2)","v":140}]
[]
["Weekday","Date","Hour","#","Message","URL","Text Length","Uploader","Randomizer"]
[{"$f":"+B8","v":"2015-07-26"},{"$f":"+B1","v":"2015-07-26"},"09:00:00",1,"Blackblot Strategic Product Management ™ - occupational core & advanced skills training program for professionals","http://www.blackblot.com/spmr/",{"$f":"LEN(TRIM(E8)) + LEN(TRIM(F8))","v":143},{"$f":"CONCATENATE(IF($B$4=\"USA\",CONCATENATE(TEXT(MONTH(B8),\"00\"),\"/\",TEXT(DAY(B8),\"00\"),\"/\",TEXT(YEAR(B8),\"0000\")),CONCATENATE(TEXT(DAY(B8),\"00\"),\"/\",TEXT(MONTH(B8),\"00\"),\"/\",TEXT(YEAR(B8),\"0000\"))),\" \",TEXT(HOUR(C8),\"00\"),\":\",TEXT(MINUTE(C8),\"00\"),\",\"&CHAR(34),TRIM(E8),CHAR(34)&\",\"&CHAR(34),TRIM(F8),CHAR(34))","v":"07/26/2015 09:00,\"Blackblot Strategic Product Management ™ - occupational core & advanced skills training program for professionals\",\"http://www.blackblot.com/spmr/\""},{"$f":"RAND()*100","v":2.7460573708957603}]
["2015-07-28",{"$f":"+B8+$B$2","v":"2015-07-28"},"23:30:00",2,"Looking to hire a Product Manager? Check out Blackblot - Alumni group on LinkedIn","http://www.blackblot.com/community/",116,"07/28/2015 23:30,\"Looking to hire a Product Manager? Check out Blackblot - Alumni group on LinkedIn\",\"http://www.blackblot.com/community/\"",29.897293532963154]
["2015-07-30","2015-07-30","01:00:00",3,"Blackblot's book on #prodmgmt  - The Product Manager's Toolkit™","http://www.blackblot.com/pmtk-book/",97,"07/30/2015 01:00,\"Blackblot's book on #prodmgmt - The Product Manager's Toolkit™\",\"http://www.blackblot.com/pmtk-book/\"",23.318456877336303]
["2015-08-01","2015-08-01","13:45:00",4,"The Powered by Blackblot™ KB is a dynamic repository of #prodmgmt  knowledge based on PMTK methodology","http://www.blackblot.com/kb/",129,"08/01/2015 13:45,\"The Powered by Blackblot™ KB is a dynamic repository of #prodmgmt knowledge based on PMTK methodology\",\"http://www.blackblot.com/kb/\"",94.465696942144945]
["2015-08-03","2015-08-03","15:00:00",5,"Market-Value Pricing Model - Blackblot PMTK (Blackblot Product Manager's Toolkit™) #PMTK #prodmgmt #pricing","http://www.blackblot.com/mvp-model/",142,"08/03/2015 15:00,\"Market-Value Pricing Model - Blackblot PMTK (Blackblot Product Manager's Toolkit™) #PMTK #prodmgmt #pricing\",\"http://www.blackblot.com/mvp-model/\"",3.8233453308984644]
["2015-08-05","2015-08-05","09:00:00",6,"Blackblot - the practical path to excellence in #prodmgmt & #prodmktg wherever you start from.","http://www.blackblot.com/",119,"08/05/2015 09:00,\"Blackblot - the practical path to excellence in #prodmgmt & #prodmktg wherever you start from.\",\"http://www.blackblot.com/\"",59.612193341804307]
["2015-08-07","2015-08-07","23:30:00",7,"Blackblot enables product managers to be more productive via unique and unsurpassed offering #prodmgmt #PMTK","http://www.blackblot.com/offering/",142,"08/07/2015 23:30,\"Blackblot enables product managers to be more productive via unique and unsurpassed offering #prodmgmt #PMTK\",\"http://www.blackblot.com/offering/\"",37.262903087135399]
["2015-08-09","2015-08-09","01:00:00",8,"Career support is an integral part of an employee's well-being and will translate to better job performance","http://www.blackblot.com/career/",139,"08/09/2015 01:00,\"Career support is an integral part of an employee's well-being and will translate to better job performance\",\"http://www.blackblot.com/career/\"",87.308953576557727]
["2015-08-11","2015-08-11","13:45:00",9,"Blackblot Training Program Benefits - comprehensive study program #prodmgmt #HR","http://www.blackblot.com/benefits/",113,"08/11/2015 13:45,\"Blackblot Training Program Benefits - comprehensive study program #prodmgmt #HR\",\"http://www.blackblot.com/benefits/\"",82.681645943153583]
["2015-08-13","2015-08-13","15:00:00",10,"Blackblot Video - What is Product Management? #prodmgmt #prodmktg","http://www.blackblot.com/video/",96,"08/13/2015 15:00,\"Blackblot Video - What is Product Management? #prodmgmt #prodmktg\",\"http://www.blackblot.com/video/\"",90.353343091116969]
["2015-08-15","2015-08-15","09:00:00",11,"Check this out: resources for Product Managers powered by Blackblot #prodmgmt #prodmktg","http://www.blackblot.com/resources/",122,"08/15/2015 09:00,\"Check this out: resources for Product Managers powered by Blackblot #prodmgmt #prodmktg\",\"http://www.blackblot.com/resources/\"",43.961060233976092]
["2015-08-17","2015-08-17","23:30:00",12,"Check the benefits of Blackblot Private Product Management and Marketing Training","http://www.blackblot.com/private/",114,"08/17/2015 23:30,\"Check the benefits of Blackblot Private Product Management and Marketing Training\",\"http://www.blackblot.com/private/\"",90.40642720476248]
["2015-08-19","2015-08-19","01:00:00",13,"What makes Blackblot different?","http://www.blackblot.com/",56,"08/19/2015 01:00,\"What makes Blackblot different?\",\"http://www.blackblot.com/\"",50.186944462565741]
["2015-08-21","2015-08-21","13:45:00",14,"Does your company have a uniform terminology and consistent processes for product management?","http://www.blackblot.com/glossary/",127,"08/21/2015 13:45,\"Does your company have a uniform terminology and consistent processes for product management?\",\"http://www.blackblot.com/glossary/\"",18.835597417708851]
["2015-08-23","2015-08-23","15:00:00",15,"Master Blackblot Product Management Professional ™ rightfully earned #prodmgmt","http://www.blackblot.com/master-bpmp/",115,"08/23/2015 15:00,\"Master Blackblot Product Management Professional ™ rightfully earned #prodmgmt\",\"http://www.blackblot.com/master-bpmp/\"",43.57155514953962]
["2015-08-25","2015-08-25","09:00:00",16,"The Blackblot Strategic Product Leader™ (SPLD) educational program is a an advanced product leadership course. ","http://www.blackblot.com/spld/ ",140,"08/25/2015 09:00,\"The Blackblot Strategic Product Leader™ (SPLD) educational program is a an advanced product leadership course.\",\"http://www.blackblot.com/spld/\"",3.2996774285132591]
["2015-08-27","2015-08-27","23:30:00",17,"The KB provides product managers with categorized product management information via online searchable platform","http://www.blackblot.com/kb/",139,"08/27/2015 23:30,\"The KB provides product managers with categorized product management information via online searchable platform\",\"http://www.blackblot.com/kb/\"",74.158807472261032]
["2015-08-29","2015-08-29","01:00:00",18,"A new tool for HR managers and recruiters: The Blackblot Psychometric Test™ (BPT) #ProductManagement #HR","http://www.blackblot.com/bpt/",133,"08/29/2015 01:00,\"A new tool for HR managers and recruiters: The Blackblot Psychometric Test™ (BPT) #ProductManagement #HR\",\"http://www.blackblot.com/bpt/\"",96.682379674828695]
["2015-08-31","2015-08-31","13:45:00",19,"Are you a technology professional considering a role in product management?","http://www.blackblot.com/tpm/",104,"08/31/2015 13:45,\"Are you a technology professional considering a role in product management?\",\"http://www.blackblot.com/tpm/\"",43.114198577381465]
["2015-09-02","2015-09-02","15:00:00",20,"Blackblot Product Management Certification Program Benefits #prodmgmt #prodmktg","http://www.blackblot.com/cert-benefits/",118,"09/02/2015 15:00,\"Blackblot Product Management Certification Program Benefits #prodmgmt #prodmktg\",\"http://www.blackblot.com/cert-benefits/\"",93.373953159696384]
["2015-09-04","2015-09-04","09:00:00",21,"What makes Blackblot different?","http://www.blackblot.com/",56,"09/04/2015 09:00,\"What makes Blackblot different?\",\"http://www.blackblot.com/\"",79.620308037227858]
["2015-09-06","2015-09-06","23:30:00",22,"What is considered to be a good ratio of product engineers to product managers? #prodmgmt","http://www.blackblot.com/kb/dev-pm/pm-to-dev-ratio/",140,"09/06/2015 23:30,\"What is considered to be a good ratio of product engineers to product managers? #prodmgmt\",\"http://www.blackblot.com/kb/dev-pm/pm-to-dev-ratio/\"",44.429325914360462]
["2015-09-08","2015-09-08","01:00:00",23,"Blackblot content retention tools for product managers","http://www.blackblot.com/retention/",89,"09/08/2015 01:00,\"Blackblot content retention tools for product managers\",\"http://www.blackblot.com/retention/\"",52.361803152550316]
["2015-09-10","2015-09-10","13:45:00",24,"The Blackblot Personal Career Package™ is a professional advisory service #prodmgmt #prodmktg","http://www.blackblot.com/bcp/",122,"09/10/2015 13:45,\"The Blackblot Personal Career Package™ is a professional advisory service #prodmgmt #prodmktg\",\"http://www.blackblot.com/bcp/\"",8.5281087913124498]
["2015-09-12","2015-09-12","15:00:00",25,"Gauge the level of maturity of the #prodmgmt practice at your company. ","http://www.blackblot.com/pmeval/",102,"09/12/2015 15:00,\"Gauge the level of maturity of the #prodmgmt practice at your company.\",\"http://www.blackblot.com/pmeval/\"",30.339489990783754]
["2015-09-14","2015-09-14","09:00:00",26,null,null,{"$f":"LEN(TRIM(E33)) + LEN(TRIM(F33))","v":0},{"$f":"CONCATENATE(IF($B$4=\"USA\",CONCATENATE(TEXT(MONTH(B33),\"00\"),\"/\",TEXT(DAY(B33),\"00\"),\"/\",TEXT(YEAR(B33),\"0000\")),CONCATENATE(TEXT(DAY(B33),\"00\"),\"/\",TEXT(MONTH(B33),\"00\"),\"/\",TEXT(YEAR(B33),\"0000\"))),\" \",TEXT(HOUR(C33),\"00\"),\":\",TEXT(MINUTE(C33),\"00\"),\",\"&CHAR(34),TRIM(E33),CHAR(34)&\",\"&CHAR(34),TRIM(F33),CHAR(34))","v":"09/14/2015 09:00,\"\",\"\""},{"$f":"RAND()*100","v":77.948067355674723}]
["2015-09-16","2015-09-16","23:30:00",27,null,null,0,"09/16/2015 23:30,\"\",\"\"",89.967355159786493]
["2015-09-18","2015-09-18","01:00:00",28,null,null,0,"09/18/2015 01:00,\"\",\"\"",7.4752338263934899]
["2015-09-20","2015-09-20","13:45:00",29,null,null,0,"09/20/2015 13:45,\"\",\"\"",37.495503255443666]
["2015-09-22","2015-09-22","15:00:00",30,null,null,0,"09/22/2015 15:00,\"\",\"\"",51.649355375072979]
["2015-09-24","2015-09-24","09:00:00",31,null,null,0,"09/24/2015 09:00,\"\",\"\"",81.449992590799042]
["2015-09-26","2015-09-26","23:30:00",32,null,null,0,"09/26/2015 23:30,\"\",\"\"",77.909917620519479]
["2015-09-28","2015-09-28","01:00:00",33,null,null,0,"09/28/2015 01:00,\"\",\"\"",51.505505154589649]
["2015-09-30","2015-09-30","13:45:00",34,null,null,0,"09/30/2015 13:45,\"\",\"\"",86.423620321578269]
["2015-10-02","2015-10-02","15:00:00",35,null,null,0,"10/02/2015 15:00,\"\",\"\"",62.094627996305995]
["2015-10-04","2015-10-04","09:00:00",36,null,null,0,"10/04/2015 09:00,\"\",\"\"",64.774515164823583]
["2015-10-06","2015-10-06","23:30:00",37,null,null,0,"10/06/2015 23:30,\"\",\"\"",67.14833823695426]
["2015-10-08","2015-10-08","01:00:00",38,null,null,0,"10/08/2015 01:00,\"\",\"\"",31.165404667962658]
["2015-10-10","2015-10-10","13:45:00",39,null,null,0,"10/10/2015 13:45,\"\",\"\"",64.756077094867749]
["2015-10-12","2015-10-12","15:00:00",40,null,null,0,"10/12/2015 15:00,\"\",\"\"",17.626211041237539]
["2015-10-14","2015-10-14","09:00:00",41,null,null,0,"10/14/2015 09:00,\"\",\"\"",65.218640073524398]
["2015-10-16","2015-10-16","23:30:00",42,null,null,0,"10/16/2015 23:30,\"\",\"\"",92.582608530556172]
["2015-10-18","2015-10-18","01:00:00",43,null,null,0,"10/18/2015 01:00,\"\",\"\"",37.476945352660543]
["2015-10-20","2015-10-20","13:45:00",44,null,null,0,"10/20/2015 13:45,\"\",\"\"",0.15289215970656356]
["2015-10-22","2015-10-22","15:00:00",45,null,null,0,"10/22/2015 15:00,\"\",\"\"",34.077781245620528]
["2015-10-24","2015-10-24","09:00:00",46,null,null,0,"10/24/2015 09:00,\"\",\"\"",52.737853452560266]
["2015-10-26","2015-10-26","23:30:00",47,null,null,0,"10/26/2015 23:30,\"\",\"\"",47.170127767540137]
["2015-10-28","2015-10-28","01:00:00",48,null,null,0,"10/28/2015 01:00,\"\",\"\"",79.924345359642942]
["2015-10-30","2015-10-30","13:45:00",49,null,null,0,"10/30/2015 13:45,\"\",\"\"",2.9141048672898129]
["2015-11-01","2015-11-01","15:00:00",50,null,null,0,"11/01/2015 15:00,\"\",\"\"",20.000412431123948]
["2015-11-03","2015-11-03","09:00:00",51,null,null,0,"11/03/2015 09:00,\"\",\"\"",86.606513474815841]
["2015-11-05","2015-11-05","23:30:00",52,null,null,0,"11/05/2015 23:30,\"\",\"\"",23.504166659318461]
["2015-11-07","2015-11-07","01:00:00",53,null,null,0,"11/07/2015 01:00,\"\",\"\"",1.4883228224808032]
["2015-11-09","2015-11-09","13:45:00",54,null,null,0,"11/09/2015 13:45,\"\",\"\"",58.328192632186806]
["2015-11-11","2015-11-11","15:00:00",55,null,null,0,"11/11/2015 15:00,\"\",\"\"",44.734771712517109]
["2015-11-13","2015-11-13","09:00:00",56,null,null,0,"11/13/2015 09:00,\"\",\"\"",40.389649943064533]
["2015-11-15","2015-11-15","23:30:00",57,null,null,0,"11/15/2015 23:30,\"\",\"\"",86.647578630981627]
["2015-11-17","2015-11-17","01:00:00",58,null,null,0,"11/17/2015 01:00,\"\",\"\"",70.273751436866874]
["2015-11-19","2015-11-19","13:45:00",59,null,null,0,"11/19/2015 13:45,\"\",\"\"",15.100475061023833]
["2015-11-21","2015-11-21","15:00:00",60,null,null,0,"11/21/2015 15:00,\"\",\"\"",75.966921803369402]
["2015-11-23","2015-11-23","09:00:00",61,null,null,0,"11/23/2015 09:00,\"\",\"\"",89.777829530488617]
["2015-11-25","2015-11-25","23:30:00",62,null,null,0,"11/25/2015 23:30,\"\",\"\"",97.568555107374905]
["2015-11-27","2015-11-27","01:00:00",63,null,null,0,"11/27/2015 01:00,\"\",\"\"",93.517926288320211]
["2015-11-29","2015-11-29","13:45:00",64,null,null,0,"11/29/2015 13:45,\"\",\"\"",42.225549741986093]
[{"$f":"+B72","v":"2015-12-01"},"2015-12-01","15:00:00",65,null,null,{"$f":"LEN(TRIM(E72)) + LEN(TRIM(F72))","v":0},{"$f":"CONCATENATE(IF($B$4=\"USA\",CONCATENATE(TEXT(MONTH(B72),\"00\"),\"/\",TEXT(DAY(B72),\"00\"),\"/\",TEXT(YEAR(B72),\"0000\")),CONCATENATE(TEXT(DAY(B72),\"00\"),\"/\",TEXT(MONTH(B72),\"00\"),\"/\",TEXT(YEAR(B72),\"0000\"))),\" \",TEXT(HOUR(C72),\"00\"),\":\",TEXT(MINUTE(C72),\"00\"),\",\"&CHAR(34),TRIM(E72),CHAR(34)&\",\"&CHAR(34),TRIM(F72),CHAR(34))","v":"12/01/2015 15:00,\"\",\"\""},{"$f":"RAND()*100","v":47.275193316722174}]
["2015-12-03",{"$f":"+B72+$B$2","v":"2015-12-03"},"09:00:00",66,null,null,0,"12/03/2015 09:00,\"\",\"\"",49.16823627930286]
["2015-12-05","2015-12-05","23:30:00",67,null,null,0,"12/05/2015 23:30,\"\",\"\"",3.9134099953484269]
["2015-12-07","2015-12-07","01:00:00",68,null,null,0,"12/07/2015 01:00,\"\",\"\"",19.763632029692303]
["2015-12-09","2015-12-09","13:45:00",69,null,null,0,"12/09/2015 13:45,\"\",\"\"",9.1229547047953385]
["2015-12-11","2015-12-11","15:00:00",70,null,null,0,"12/11/2015 15:00,\"\",\"\"",12.520671151135243]
["2015-12-13","2015-12-13","09:00:00",71,null,null,0,"12/13/2015 09:00,\"\",\"\"",7.6680054990095448]
["2015-12-15","2015-12-15","23:30:00",72,null,null,0,"12/15/2015 23:30,\"\",\"\"",97.637526567026228]
["2015-12-17","2015-12-17","01:00:00",73,null,null,0,"12/17/2015 01:00,\"\",\"\"",64.928858104261934]
["2015-12-19","2015-12-19","13:45:00",74,null,null,0,"12/19/2015 13:45,\"\",\"\"",87.291448867047691]
["2015-12-21","2015-12-21","15:00:00",75,null,null,0,"12/21/2015 15:00,\"\",\"\"",5.9416000922293826]
["2015-12-23","2015-12-23","09:00:00",76,null,null,0,"12/23/2015 09:00,\"\",\"\"",34.749866676316756]
["2015-12-25","2015-12-25","23:30:00",77,null,null,0,"12/25/2015 23:30,\"\",\"\"",95.108575949267404]
["2015-12-27","2015-12-27","01:00:00",78,null,null,0,"12/27/2015 01:00,\"\",\"\"",11.621473188858678]
["2015-12-29","2015-12-29","13:45:00",79,null,null,0,"12/29/2015 13:45,\"\",\"\"",78.431613504642527]
["2015-12-31","2015-12-31","15:00:00",80,null,null,0,"12/31/2015 15:00,\"\",\"\"",13.198038473999551]
["2016-01-02","2016-01-02","09:00:00",81,null,null,0,"01/02/2016 09:00,\"\",\"\"",98.27200198164806]
["2016-01-04","2016-01-04","23:30:00",82,null,null,0,"01/04/2016 23:30,\"\",\"\"",84.27507276095524]
["2016-01-06","2016-01-06","01:00:00",83,null,null,0,"01/06/2016 01:00,\"\",\"\"",35.74967911188407]
["2016-01-08","2016-01-08","13:45:00",84,null,null,0,"01/08/2016 13:45,\"\",\"\"",49.418819272648697]
["2016-01-10","2016-01-10","15:00:00",85,null,null,0,"01/10/2016 15:00,\"\",\"\"",96.212256438691753]
["2016-01-12","2016-01-12","09:00:00",86,null,null,0,"01/12/2016 09:00,\"\",\"\"",86.502983098540255]
["2016-01-14","2016-01-14","23:30:00",87,null,null,0,"01/14/2016 23:30,\"\",\"\"",30.633277227188483]
["2016-01-16","2016-01-16","01:00:00",88,null,null,0,"01/16/2016 01:00,\"\",\"\"",42.71216767910088]
["2016-01-18","2016-01-18","13:45:00",89,null,null,0,"01/18/2016 13:45,\"\",\"\"",12.423844585137122]
["2016-01-20","2016-01-20","15:00:00",90,null,null,0,"01/20/2016 15:00,\"\",\"\"",95.359590361069976]
["2016-01-22","2016-01-22","09:00:00",91,null,null,0,"01/22/2016 09:00,\"\",\"\"",50.502060662835369]
["2016-01-24","2016-01-24","23:30:00",92,null,null,0,"01/24/2016 23:30,\"\",\"\"",76.026143923354823]
["2016-01-26","2016-01-26","01:00:00",93,null,null,0,"01/26/2016 01:00,\"\",\"\"",83.070910345033965]
["2016-01-28","2016-01-28","13:45:00",94,null,null,0,"01/28/2016 13:45,\"\",\"\"",51.345361016395962]
["2016-01-30","2016-01-30","15:00:00",95,null,null,0,"01/30/2016 15:00,\"\",\"\"",85.121873486914964]
["2016-02-01","2016-02-01","09:00:00",96,null,null,0,"02/01/2016 09:00,\"\",\"\"",49.054052155598569]
["2016-02-03","2016-02-03","23:30:00",97,null,null,0,"02/03/2016 23:30,\"\",\"\"",90.375036589316949]
["2016-02-05","2016-02-05","01:00:00",98,null,null,0,"02/05/2016 01:00,\"\",\"\"",83.510193338639667]
["2016-02-07","2016-02-07","13:45:00",99,null,null,0,"02/07/2016 13:45,\"\",\"\"",78.97463686895388]
["2016-02-09","2016-02-09","15:00:00",100,null,null,0,"02/09/2016 15:00,\"\",\"\"",94.316271958921575]

{"sheet":"Blackblot Hootsuite Uploader 6","index":6,"n_rows":107,"n_cols":9,"rows_kept":107,"cut":false,"hidden":false,"merged":[[0,3,2,5]]}
["Start Date:","2015-07-26",null,"Blackblot® Hootsuite Uploader Matrix"]
["Skipday:",2]
["Channel:","Twitter "]
["Date Format:","USA"]
["Check URL",true,null,null,null,null,{"$f":"VLOOKUP(B3,Settings!C8:D11,2)","v":140}]
[]
["Weekday","Date","Hour","#","Message","URL","Text Length","Uploader","Randomizer"]
[{"$f":"+B8","v":"2015-07-26"},{"$f":"+B1","v":"2015-07-26"},"09:00:00",1,"Blackblot Training Program Benefits - comprehensive study program #prodmgmt #HR","http://www.blackblot.com/benefits/",{"$f":"LEN(TRIM(E8)) + LEN(TRIM(F8))","v":113},{"$f":"CONCATENATE(IF($B$4=\"USA\",CONCATENATE(TEXT(MONTH(B8),\"00\"),\"/\",TEXT(DAY(B8),\"00\"),\"/\",TEXT(YEAR(B8),\"0000\")),CONCATENATE(TEXT(DAY(B8),\"00\"),\"/\",TEXT(MONTH(B8),\"00\"),\"/\",TEXT(YEAR(B8),\"0000\"))),\" \",TEXT(HOUR(C8),\"00\"),\":\",TEXT(MINUTE(C8),\"00\"),\",\"&CHAR(34),TRIM(E8),CHAR(34)&\",\"&CHAR(34),TRIM(F8),CHAR(34))","v":"07/26/2015 09:00,\"Blackblot Training Program Benefits - comprehensive study program #prodmgmt #HR\",\"http://www.blackblot.com/benefits/\""},{"$f":"RAND()*100","v":84.182439520431828}]
["2015-07-28",{"$f":"+B8+$B$2","v":"2015-07-28"},"23:30:00",2,"Master Blackblot Product Management Professional ™ rightfully earned #prodmgmt","http://www.blackblot.com/master-bpmp/",115,"07/28/2015 23:30,\"Master Blackblot Product Management Professional ™ rightfully earned #prodmgmt\",\"http://www.blackblot.com/master-bpmp/\"",4.1589202929180225]
["2015-07-30","2015-07-30","01:00:00",3,"Check the benefits of Blackblot Private Product Management and Marketing Training","http://www.blackblot.com/private/",114,"07/30/2015 01:00,\"Check the benefits of Blackblot Private Product Management and Marketing Training\",\"http://www.blackblot.com/private/\"",30.610007164365229]
["2015-08-01","2015-08-01","13:45:00",4,"Gauge the level of maturity of the #prodmgmt practice at your company. ","http://www.blackblot.com/pmeval/",102,"08/01/2015 13:45,\"Gauge the level of maturity of the #prodmgmt practice at your company.\",\"http://www.blackblot.com/pmeval/\"",62.201148888289545]
["2015-08-03","2015-08-03","15:00:00",5,"Blackblot Strategic Product Management ™ - occupational core & advanced skills training program for professionals","http://www.blackblot.com/spmr/",143,"08/03/2015 15:00,\"Blackblot Strategic Product Management ™ - occupational core & advanced skills training program for professionals\",\"http://www.blackblot.com/spmr/\"",28.530722631791463]
["2015-08-05","2015-08-05","09:00:00",6,"Are you a technology professional considering a role in product management?","http://www.blackblot.com/tpm/",104,"08/05/2015 09:00,\"Are you a technology professional considering a role in product management?\",\"http://www.blackblot.com/tpm/\"",59.375321223839336]
["2015-08-07","2015-08-07","23:30:00",7,"What is considered to be a good ratio of product engineers to product managers? #prodmgmt","http://www.blackblot.com/kb/dev-pm/pm-to-dev-ratio/",140,"08/07/2015 23:30,\"What is considered to be a good ratio of product engineers to product managers? #prodmgmt\",\"http://www.blackblot.com/kb/dev-pm/pm-to-dev-ratio/\"",73.930327171780547]
["2015-08-09","2015-08-09","01:00:00",8,"The KB provides product managers with categorized product management information via online searchable platform","http://www.blackblot.com/kb/",139,"08/09/2015 01:00,\"The KB provides product managers with categorized product management information via online searchable platform\",\"http://www.blackblot.com/kb/\"",40.541442265388874]
["2015-08-11","2015-08-11","13:45:00",9,"Career support is an integral part of an employee's well-being and will translate to better job performance","http://www.blackblot.com/career/",139,"08/11/2015 13:45,\"Career support is an integral part of an employee's well-being and will translate to better job performance\",\"http://www.blackblot.com/career/\"",12.149862976606085]
["2015-08-13","2015-08-13","15:00:00",10,"Blackblot content retention tools for product managers","http://www.blackblot.com/retention/",89,"08/13/2015 15:00,\"Blackblot content retention tools for product managers\",\"http://www.blackblot.com/retention/\"",37.184142578239765]
["2015-08-15","2015-08-15","09:00:00",11,"Check this out: resources for Product Managers powered by Blackblot #prodmgmt #prodmktg","http://www.blackblot.com/resources/",122,"08/15/2015 09:00,\"Check this out: resources for Product Managers powered by Blackblot #prodmgmt #prodmktg\",\"http://www.blackblot.com/resources/\"",69.613132242271192]
["2015-08-17","2015-08-17","23:30:00",12,"Looking to hire a Product Manager? Check out Blackblot - Alumni group on LinkedIn","http://www.blackblot.com/community/",116,"08/17/2015 23:30,\"Looking to hire a Product Manager? Check out Blackblot - Alumni group on LinkedIn\",\"http://www.blackblot.com/community/\"",23.535383636669994]
["2015-08-19","2015-08-19","01:00:00",13,"The Blackblot Strategic Product Leader™ (SPLD) educational program is a an advanced product leadership course. ","http://www.blackblot.com/spld/ ",140,"08/19/2015 01:00,\"The Blackblot Strategic Product Leader™ (SPLD) educational program is a an advanced product leadership course.\",\"http://www.blackblot.com/spld/\"",39.595984170929043]
["2015-08-21","2015-08-21","13:45:00",14,"The Powered by Blackblot™ KB is a dynamic repository of #prodmgmt  knowledge based on PMTK methodology","http://www.blackblot.com/kb/",129,"08/21/2015 13:45,\"The Powered by Blackblot™ KB is a dynamic repository of #prodmgmt knowledge based on PMTK methodology\",\"http://www.blackblot.com/kb/\"",27.471334779781465]
["2015-08-23","2015-08-23","15:00:00",15,"A new tool for HR managers and recruiters: The Blackblot Psychometric Test™ (BPT) #ProductManagement #HR","http://www.blackblot.com/bpt/",133,"08/23/2015 15:00,\"A new tool for HR managers and recruiters: The Blackblot Psychometric Test™ (BPT) #ProductManagement #HR\",\"http://www.blackblot.com/bpt/\"",59.517396828828531]
["2015-08-25","2015-08-25","09:00:00",16,"Blackblot Video - What is Product Management? #prodmgmt #prodmktg","http://www.blackblot.com/video/",96,"08/25/2015 09:00,\"Blackblot Video - What is Product Management? #prodmgmt #prodmktg\",\"http://www.blackblot.com/video/\"",75.152395025056293]
["2015-08-27","2015-08-27","23:30:00",17,"Does your company have a uniform terminology and consistent processes for product management?","http://www.blackblot.com/glossary/",127,"08/27/2015 23:30,\"Does your company have a uniform terminology and consistent processes for product management?\",\"http://www.blackblot.com/glossary/\"",74.295935186595045]
["2015-08-29","2015-08-29","01:00:00",18,"Blackblot's book on #prodmgmt  - The Product Manager's Toolkit™","http://www.blackblot.com/pmtk-book/",97,"08/29/2015 01:00,\"Blackblot's book on #prodmgmt - The Product Manager's Toolkit™\",\"http://www.blackblot.com/pmtk-book/\"",29.092330537264932]
["2015-08-31","2015-08-31","13:45:00",19,"What makes Blackblot different?","http://www.blackblot.com/",56,"08/31/2015 13:45,\"What makes Blackblot different?\",\"http://www.blackblot.com/\"",29.321037853529941]
["2015-09-02","2015-09-02","15:00:00",20,"Blackblot - the practical path to excellence in #prodmgmt & #prodmktg wherever you start from.","http://www.blackblot.com/",119,"09/02/2015 15:00,\"Blackblot - the practical path to excellence in #prodmgmt & #prodmktg wherever you start from.\",\"http://www.blackblot.com/\"",81.588919738755266]
["2015-09-04","2015-09-04","09:00:00",21,"Blackblot Product Management Certification Program Benefits #prodmgmt #prodmktg","http://www.blackblot.com/cert-benefits/",118,"09/04/2015 09:00,\"Blackblot Product Management Certification Program Benefits #prodmgmt #prodmktg\",\"http://www.blackblot.com/cert-benefits/\"",44.12818675635247]
["2015-09-06","2015-09-06","23:30:00",22,"What makes Blackblot different?","http://www.blackblot.com/",56,"09/06/2015 23:30,\"What makes Blackblot different?\",\"http://www.blackblot.com/\"",0.69672244478687917]
["2015-09-08","2015-09-08","01:00:00",23,"The Blackblot Personal Career Package™ is a professional advisory service #prodmgmt #prodmktg","http://www.blackblot.com/bcp/",122,"09/08/2015 01:00,\"The Blackblot Personal Career Package™ is a professional advisory service #prodmgmt #prodmktg\",\"http://www.blackblot.com/bcp/\"",18.555360889407623]
["2015-09-10","2015-09-10","13:45:00",24,"Blackblot enables product managers to be more productive via unique and unsurpassed offering #prodmgmt #PMTK","http://www.blackblot.com/offering/",142,"09/10/2015 13:45,\"Blackblot enables product managers to be more productive via unique and unsurpassed offering #prodmgmt #PMTK\",\"http://www.blackblot.com/offering/\"",6.6138785144425061]
["2015-09-12","2015-09-12","15:00:00",25,"Market-Value Pricing Model - Blackblot PMTK (Blackblot Product Manager's Toolkit™) #PMTK #prodmgmt #pricing","http://www.blackblot.com/mvp-model/",142,"09/12/2015 15:00,\"Market-Value Pricing Model - Blackblot PMTK (Blackblot Product Manager's Toolkit™) #PMTK #prodmgmt #pricing\",\"http://www.blackblot.com/mvp-model/\"",62.809497812682345]
["2015-09-14","2015-09-14","09:00:00",26,null,null,{"$f":"LEN(TRIM(E33)) + LEN(TRIM(F33))","v":0},{"$f":"CONCATENATE(IF($B$4=\"USA\",CONCATENATE(TEXT(MONTH(B33),\"00\"),\"/\",TEXT(DAY(B33),\"00\"),\"/\",TEXT(YEAR(B33),\"0000\")),CONCATENATE(TEXT(DAY(B33),\"00\"),\"/\",TEXT(MONTH(B33),\"00\"),\"/\",TEXT(YEAR(B33),\"0000\"))),\" \",TEXT(HOUR(C33),\"00\"),\":\",TEXT(MINUTE(C33),\"00\"),\",\"&CHAR(34),TRIM(E33),CHAR(34)&\",\"&CHAR(34),TRIM(F33),CHAR(34))","v":"09/14/2015 09:00,\"\",\"\""},{"$f":"RAND()*100","v":55.942641700322113}]
["2015-09-16","2015-09-16","23:30:00",27,null,null,0,"09/16/2015 23:30,\"\",\"\"",66.114311698382494]
["2015-09-18","2015-09-18","01:00:00",28,null,null,0,"09/18/2015 01:00,\"\",\"\"",47.223065478399938]
["2015-09-20","2015-09-20","13:45:00",29,null,null,0,"09/20/2015 13:45,\"\",\"\"",31.959247743348087]
["2015-09-22","2015-09-22","15:00:00",30,null,null,0,"09/22/2015 15:00,\"\",\"\"",54.081179235708746]
["2015-09-24","2015-09-24","09:00:00",31,null,null,0,"09/24/2015 09:00,\"\",\"\"",28.527971078536417]
["2015-09-26","2015-09-26","23:30:00",32,null,null,0,"09/26/2015 23:30,\"\",\"\"",57.324578225087329]
["2015-09-28","2015-09-28","01:00:00",33,null,null,0,"09/28/2015 01:00,\"\",\"\"",94.794936162659056]
["2015-09-30","2015-09-30","13:45:00",34,null,null,0,"09/30/2015 13:45,\"\",\"\"",24.284861159975122]
["2015-10-02","2015-10-02","15:00:00",35,null,null,0,"10/02/2015 15:00,\"\",\"\"",9.4542396963455779]
["2015-10-04","2015-10-04","09:00:00",36,null,null,0,"10/04/2015 09:00,\"\",\"\"",76.405514360690347]
["2015-10-06","2015-10-06","23:30:00",37,null,null,0,"10/06/2015 23:30,\"\",\"\"",96.36186090775368]
["2015-10-08","2015-10-08","01:00:00",38,null,null,0,"10/08/2015 01:00,\"\",\"\"",52.174787713309726]
["2015-10-10","2015-10-10","13:45:00",39,null,null,0,"10/10/2015 13:45,\"\",\"\"",47.90780934176945]
["2015-10-12","2015-10-12","15:00:00",40,null,null,0,"10/12/2015 15:00,\"\",\"\"",89.199541549827387]
["2015-10-14","2015-10-14","09:00:00",41,null,null,0,"10/14/2015 09:00,\"\",\"\"",55.919672737986794]
["2015-10-16","2015-10-16","23:30:00",42,null,null,0,"10/16/2015 23:30,\"\",\"\"",82.699411328529806]
["2015-10-18","2015-10-18","01:00:00",43,null,null,0,"10/18/2015 01:00,\"\",\"\"",68.667848103553112]
["2015-10-20","2015-10-20","13:45:00",44,null,null,0,"10/20/2015 13:45,\"\",\"\"",58.417721741466856]
["2015-10-22","2015-10-22","15:00:00",45,null,null,0,"10/22/2015 15:00,\"\",\"\"",86.863590041047672]
["2015-10-24","2015-10-24","09:00:00",46,null,null,0,"10/24/2015 09:00,\"\",\"\"",6.7074300254352348]
["2015-10-26","2015-10-26","23:30:00",47,null,null,0,"10/26/2015 23:30,\"\",\"\"",51.162544134981722]
["2015-10-28","2015-10-28","01:00:00",48,null,null,0,"10/28/2015 01:00,\"\",\"\"",54.73179805069298]
["2015-10-30","2015-10-30","13:45:00",49,null,null,0,"10/30/2015 13:45,\"\",\"\"",60.010356698334313]
["2015-11-01","2015-11-01","15:00:00",50,null,null,0,"11/01/2015 15:00,\"\",\"\"",80.540045229262489]
["2015-11-03","2015-11-03","09:00:00",51,null,null,0,"11/03/2015 09:00,\"\",\"\"",79.806649350942166]
["2015-11-05","2015-11-05","23:30:00",52,null,null,0,"11/05/2015 23:30,\"\",\"\"",90.233812819820685]
["2015-11-07","2015-11-07","01:00:00",53,null,null,0,"11/07/2015 01:00,\"\",\"\"",74.789215898501055]
["2015-11-09","2015-11-09","13:45:00",54,null,null,0,"11/09/2015 13:45,\"\",\"\"",73.885348767923958]
["2015-11-11","2015-11-11","15:00:00",55,null,null,0,"11/11/2015 15:00,\"\",\"\"",35.584940990029409]
["2015-11-13","2015-11-13","09:00:00",56,null,null,0,"11/13/2015 09:00,\"\",\"\"",5.1346633132005941]
["2015-11-15","2015-11-15","23:30:00",57,null,null,0,"11/15/2015 23:30,\"\",\"\"",81.413565888685241]
["2015-11-17","2015-11-17","01:00:00",58,null,null,0,"11/17/2015 01:00,\"\",\"\"",40.789839190231348]
["2015-11-19","2015-11-19","13:45:00",59,null,null,0,"11/19/2015 13:45,\"\",\"\"",20.3765981953119]
["2015-11-21","2015-11-21","15:00:00",60,null,null,0,"11/21/2015 15:00,\"\",\"\"",82.810730446190377]
["2015-11-23","2015-11-23","09:00:00",61,null,null,0,"11/23/2015 09:00,\"\",\"\"",85.531459903456124]
["2015-11-25","2015-11-25","23:30:00",62,null,null,0,"11/25/2015 23:30,\"\",\"\"",96.259042330711083]
["2015-11-27","2015-11-27","01:00:00",63,null,null,0,"11/27/2015 01:00,\"\",\"\"",27.243072924611422]
["2015-11-29","2015-11-29","13:45:00",64,null,null,0,"11/29/2015 13:45,\"\",\"\"",76.799907414674863]
[{"$f":"+B72","v":"2015-12-01"},"2015-12-01","15:00:00",65,null,null,{"$f":"LEN(TRIM(E72)) + LEN(TRIM(F72))","v":0},{"$f":"CONCATENATE(IF($B$4=\"USA\",CONCATENATE(TEXT(MONTH(B72),\"00\"),\"/\",TEXT(DAY(B72),\"00\"),\"/\",TEXT(YEAR(B72),\"0000\")),CONCATENATE(TEXT(DAY(B72),\"00\"),\"/\",TEXT(MONTH(B72),\"00\"),\"/\",TEXT(YEAR(B72),\"0000\"))),\" \",TEXT(HOUR(C72),\"00\"),\":\",TEXT(MINUTE(C72),\"00\"),\",\"&CHAR(34),TRIM(E72),CHAR(34)&\",\"&CHAR(34),TRIM(F72),CHAR(34))","v":"12/01/2015 15:00,\"\",\"\""},{"$f":"RAND()*100","v":53.862582270282402}]
["2015-12-03",{"$f":"+B72+$B$2","v":"2015-12-03"},"09:00:00",66,null,null,0,"12/03/2015 09:00,\"\",\"\"",45.935760462467613]
["2015-12-05","2015-12-05","23:30:00",67,null,null,0,"12/05/2015 23:30,\"\",\"\"",3.8133026711235196]
["2015-12-07","2015-12-07","01:00:00",68,null,null,0,"12/07/2015 01:00,\"\",\"\"",66.711713112132102]
["2015-12-09","2015-12-09","13:45:00",69,null,null,0,"12/09/2015 13:45,\"\",\"\"",43.673326497295172]
["2015-12-11","2015-12-11","15:00:00",70,null,null,0,"12/11/2015 15:00,\"\",\"\"",92.349481640577494]
["2015-12-13","2015-12-13","09:00:00",71,null,null,0,"12/13/2015 09:00,\"\",\"\"",91.634956319339963]
["2015-12-15","2015-12-15","23:30:00",72,null,null,0,"12/15/2015 23:30,\"\",\"\"",44.230613620571766]
["2015-12-17","2015-12-17","01:00:00",73,null,null,0,"12/17/2015 01:00,\"\",\"\"",86.049848439021886]
["2015-12-19","2015-12-19","13:45:00",74,null,null,0,"12/19/2015 13:45,\"\",\"\"",80.359731215950589]
["2015-12-21","2015-12-21","15:00:00",75,null,null,0,"12/21/2015 15:00,\"\",\"\"",44.53399138826952]
["2015-12-23","2015-12-23","09:00:00",76,null,null,0,"12/23/2015 09:00,\"\",\"\"",47.603414258026802]
["2015-12-25","2015-12-25","23:30:00",77,null,null,0,"12/25/2015 23:30,\"\",\"\"",84.592939910485839]
["2015-12-27","2015-12-27","01:00:00",78,null,null,0,"12/27/2015 01:00,\"\",\"\"",79.531008570099942]
["2015-12-29","2015-12-29","13:45:00",79,null,null,0,"12/29/2015 13:45,\"\",\"\"",27.809805695996069]
["2015-12-31","2015-12-31","15:00:00",80,null,null,0,"12/31/2015 15:00,\"\",\"\"",80.605611256964679]
["2016-01-02","2016-01-02","09:00:00",81,null,null,0,"01/02/2016 09:00,\"\",\"\"",22.258427069235275]
["2016-01-04","2016-01-04","23:30:00",82,null,null,0,"01/04/2016 23:30,\"\",\"\"",83.956441805466469]
["2016-01-06","2016-01-06","01:00:00",83,null,null,0,"01/06/2016 01:00,\"\",\"\"",39.607908971688389]
["2016-01-08","2016-01-08","13:45:00",84,null,null,0,"01/08/2016 13:45,\"\",\"\"",49.033573857468618]
["2016-01-10","2016-01-10","15:00:00",85,null,null,0,"01/10/2016 15:00,\"\",\"\"",3.7149137099950824]
["2016-01-12","2016-01-12","09:00:00",86,null,null,0,"01/12/2016 09:00,\"\",\"\"",64.498033913970161]
["2016-01-14","2016-01-14","23:30:00",87,null,null,0,"01/14/2016 23:30,\"\",\"\"",38.930219748405733]
["2016-01-16","2016-01-16","01:00:00",88,null,null,0,"01/16/2016 01:00,\"\",\"\"",89.696797398448652]
["2016-01-18","2016-01-18","13:45:00",89,null,null,0,"01/18/2016 13:45,\"\",\"\"",1.6329375121762246]
["2016-01-20","2016-01-20","15:00:00",90,null,null,0,"01/20/2016 15:00,\"\",\"\"",81.981239396809585]
["2016-01-22","2016-01-22","09:00:00",91,null,null,0,"01/22/2016 09:00,\"\",\"\"",93.05117025869032]
["2016-01-24","2016-01-24","23:30:00",92,null,null,0,"01/24/2016 23:30,\"\",\"\"",30.335583830934677]
["2016-01-26","2016-01-26","01:00:00",93,null,null,0,"01/26/2016 01:00,\"\",\"\"",90.717652306296884]
["2016-01-28","2016-01-28","13:45:00",94,null,null,0,"01/28/2016 13:45,\"\",\"\"",29.521278159706998]
["2016-01-30","2016-01-30","15:00:00",95,null,null,0,"01/30/2016 15:00,\"\",\"\"",91.887532498798137]
["2016-02-01","2016-02-01","09:00:00",96,null,null,0,"02/01/2016 09:00,\"\",\"\"",26.513026034495823]
["2016-02-03","2016-02-03","23:30:00",97,null,null,0,"02/03/2016 23:30,\"\",\"\"",83.646152803645037]
["2016-02-05","2016-02-05","01:00:00",98,null,null,0,"02/05/2016 01:00,\"\",\"\"",8.3991060264498216]
["2016-02-07","2016-02-07","13:45:00",99,null,null,0,"02/07/2016 13:45,\"\",\"\"",76.921099423307581]
["2016-02-09","2016-02-09","15:00:00",100,null,null,0,"02/09/2016 15:00,\"\",\"\"",83.896388313748758]

{"sheet":"Settings","index":7,"n_rows":17,"n_cols":6,"rows_kept":17,"cut":false,"hidden":false,"merged":[[2,1,2,5],[5,1,5,8],[6,2,6,3]]}
[]
[]
[null,"Blackblot® PMTK Hootsuite Uploader Matrix Settings"]
[]
[]
[null,"List Tables for Drop Down menus"]
[null,"Skipday","Channel and Message Length",null,"Date Format","Check URL"]
[null,1,"Facebook",500,"Europe",true]
[null,2,"Google+",500,"USA",false]
[null,3,"LinkedIn  ",689]
[null,4,"Twitter ",140]
[null,5]
[null,6]
[null,7]
[null,8]
[null,9]
[null,10]

{"sheet":"Instructions","index":8,"n_rows":20,"n_cols":2,"rows_kept":20,"cut":false,"hidden":false,"merged":[[9,1,9,7],[10,1,10,7],[11,1,11,7],[16,1,16,7],[19,1,19,7],[2,1,2,5],[5,1,5,7],[6,1,6,7],[7,1,7,7],[8,1,8,7]]}
[]
[]
[null,"Blackblot® Hootsuite Uploader Matrix"]
[]
[]
[null,"Blackblot Hootsuite Uploader Matrix - Instructions"]
[null,"1. In the \"Blackblot Hootsuite Uploader\" spreadsheet, set the Start Date, Skipday, Channel,  Date Format and Check URL parameters."]
[null,"2. In the \"Blackblot Hootsuite Uploader\" spreadsheet, enter the messages and URLs that will be scheduled."]
[null,"3. In the \"Blackblot Hootsuite Uploader\" spreadsheet, use the \"Randomize\" button to randomly list the messages (if desired)."]
[null,"4. In the \"Blackblot Hootsuite Uploader\" spreadsheet, use the \"Save\" button to create and save the bulk message file."]
[]
[null,"Note the cell comments that provide additional information."]
[]
[]
[]
[]
[null,"Blackblot® - Product Management Expertise™                                                                                 www.blackblot.com"]
[]
[]
[null,"\nCopyright © Blackblot.  All rights reserved.\n\nUse of this document is subject to the Blackblot Content License Agreement.\n"]